Last updated on 2025-02-21 02:52:06 CET.
Flavor | Version | Tinstall | Tcheck | Ttotal | Status | Flags |
---|---|---|---|---|---|---|
r-devel-linux-x86_64-debian-clang | 0.1.5 | 76.50 | 147.77 | 224.27 | OK | |
r-devel-linux-x86_64-debian-gcc | 0.1.5 | 53.50 | 94.32 | 147.82 | OK | |
r-devel-linux-x86_64-fedora-clang | 0.1.5 | 388.18 | OK | |||
r-devel-linux-x86_64-fedora-gcc | 0.1.5 | 381.97 | OK | |||
r-devel-macos-arm64 | 0.1.5 | 103.00 | OK | |||
r-devel-macos-x86_64 | 0.1.5 | 208.00 | OK | |||
r-devel-windows-x86_64 | 0.1.5 | 73.00 | 219.00 | 292.00 | OK | |
r-patched-linux-x86_64 | 0.1.5 | 72.72 | 127.95 | 200.67 | OK | |
r-release-linux-x86_64 | 0.1.5 | 74.25 | 128.23 | 202.48 | OK | |
r-release-macos-arm64 | 0.1.5 | 244.00 | NOTE | |||
r-release-macos-x86_64 | 0.1.5 | 323.00 | NOTE | |||
r-release-windows-x86_64 | 0.1.5 | 71.00 | 218.00 | 289.00 | OK | |
r-oldrel-macos-arm64 | 0.1.5 | 248.00 | NOTE | |||
r-oldrel-macos-x86_64 | 0.1.5 | 296.00 | NOTE | |||
r-oldrel-windows-x86_64 | 0.1.5 | 89.00 | 247.00 | 336.00 | OK |
Version: 0.1.5
Check: installed package size
Result: NOTE
installed size is 7.2Mb
sub-directories of 1Mb or more:
libs 6.6Mb
Flavors: r-release-macos-arm64, r-release-macos-x86_64, r-oldrel-macos-arm64, r-oldrel-macos-x86_64