Last updated on 2025-02-21 02:52:06 CET.
Flavor | Version | Tinstall | Tcheck | Ttotal | Status | Flags |
---|---|---|---|---|---|---|
r-devel-linux-x86_64-debian-clang | 0.0.2 | 23.38 | 252.25 | 275.63 | NOTE | |
r-devel-linux-x86_64-debian-gcc | 0.0.2 | 20.93 | 182.95 | 203.88 | NOTE | |
r-devel-linux-x86_64-fedora-clang | 0.0.2 | 457.78 | NOTE | |||
r-devel-linux-x86_64-fedora-gcc | 0.0.2 | 458.21 | NOTE | |||
r-devel-macos-arm64 | 0.0.2 | 114.00 | NOTE | |||
r-devel-macos-x86_64 | 0.0.2 | 244.00 | NOTE | |||
r-devel-windows-x86_64 | 0.0.2 | 30.00 | 233.00 | 263.00 | NOTE | |
r-patched-linux-x86_64 | 0.0.2 | 23.73 | 245.46 | 269.19 | NOTE | |
r-release-linux-x86_64 | 0.0.2 | 23.02 | 239.86 | 262.88 | NOTE | |
r-release-macos-arm64 | 0.0.2 | 109.00 | NOTE | |||
r-release-macos-x86_64 | 0.0.2 | 163.00 | NOTE | |||
r-release-windows-x86_64 | 0.0.2 | 29.00 | 233.00 | 262.00 | NOTE | |
r-oldrel-macos-arm64 | 0.0.2 | 110.00 | NOTE | |||
r-oldrel-macos-x86_64 | 0.0.2 | 183.00 | NOTE | |||
r-oldrel-windows-x86_64 | 0.0.2 | 33.00 | 325.00 | 358.00 | NOTE |
Version: 0.0.2
Check: package subdirectories
Result: NOTE
Problems with news in ‘NEWS.md’:
No news entries found.
Flavors: r-devel-linux-x86_64-debian-clang, r-devel-linux-x86_64-debian-gcc, r-devel-linux-x86_64-fedora-clang, r-devel-linux-x86_64-fedora-gcc, r-devel-macos-arm64, r-devel-macos-x86_64, r-devel-windows-x86_64, r-patched-linux-x86_64, r-release-linux-x86_64, r-release-macos-arm64, r-release-macos-x86_64, r-release-windows-x86_64, r-oldrel-macos-arm64, r-oldrel-macos-x86_64, r-oldrel-windows-x86_64
Version: 0.0.2
Check: Rd files
Result: NOTE
checkRd: (-1) pulse_of_the_nation.Rd:10: Escaped LaTeX specials: \$
Flavors: r-devel-linux-x86_64-debian-clang, r-devel-linux-x86_64-debian-gcc, r-devel-linux-x86_64-fedora-clang, r-devel-linux-x86_64-fedora-gcc, r-devel-macos-arm64, r-devel-macos-x86_64, r-devel-windows-x86_64, r-patched-linux-x86_64, r-release-linux-x86_64, r-release-macos-arm64, r-release-macos-x86_64, r-release-windows-x86_64, r-oldrel-macos-arm64, r-oldrel-macos-x86_64, r-oldrel-windows-x86_64