Last updated on 2025-02-21 02:52:06 CET.
Flavor | Version | Tinstall | Tcheck | Ttotal | Status | Flags |
---|---|---|---|---|---|---|
r-devel-linux-x86_64-debian-clang | 1.0.11 | 3.33 | 27.28 | 30.61 | OK | --no-examples --no-tests --no-vignettes |
r-devel-linux-x86_64-debian-gcc | 1.0.11 | 2.40 | 21.14 | 23.54 | OK | --no-examples --no-tests --no-vignettes |
r-devel-linux-x86_64-fedora-clang | 1.0.11 | 51.50 | OK | |||
r-devel-linux-x86_64-fedora-gcc | 1.0.11 | 51.18 | OK | |||
r-devel-macos-arm64 | 1.0.11 | 21.00 | OK | |||
r-devel-macos-x86_64 | 1.0.11 | 40.00 | OK | |||
r-devel-windows-x86_64 | 1.0.11 | 6.00 | 60.00 | 66.00 | OK | |
r-patched-linux-x86_64 | 1.0.11 | 3.60 | 26.03 | 29.63 | NOTE | --no-examples --no-tests --no-vignettes |
r-release-linux-x86_64 | 1.0.11 | 2.98 | 26.01 | 28.99 | NOTE | --no-examples --no-tests --no-vignettes |
r-release-macos-arm64 | 1.0.11 | 21.00 | NOTE | |||
r-release-macos-x86_64 | 1.0.11 | 30.00 | NOTE | |||
r-release-windows-x86_64 | 1.0.11 | 4.00 | 60.00 | 64.00 | NOTE | |
r-oldrel-macos-arm64 | 1.0.11 | 21.00 | NOTE | |||
r-oldrel-macos-x86_64 | 1.0.11 | 30.00 | NOTE | |||
r-oldrel-windows-x86_64 | 1.0.11 | 6.00 | 72.00 | 78.00 | NOTE |
Version: 1.0.11
Flags: --no-examples --no-tests --no-vignettes
Check: LazyData
Result: NOTE
'LazyData' is specified without a 'data' directory
Flavors: r-patched-linux-x86_64, r-release-linux-x86_64
Version: 1.0.11
Check: LazyData
Result: NOTE
'LazyData' is specified without a 'data' directory
Flavors: r-release-macos-arm64, r-release-macos-x86_64, r-release-windows-x86_64, r-oldrel-macos-arm64, r-oldrel-macos-x86_64, r-oldrel-windows-x86_64