Last updated on 2025-02-21 02:52:06 CET.
Flavor | Version | Tinstall | Tcheck | Ttotal | Status | Flags |
---|---|---|---|---|---|---|
r-devel-linux-x86_64-debian-clang | 1.0.0 | 128.63 | 116.16 | 244.79 | OK | |
r-devel-linux-x86_64-debian-gcc | 1.0.0 | 117.91 | 91.84 | 209.75 | OK | |
r-devel-linux-x86_64-fedora-clang | 1.0.0 | 375.91 | OK | |||
r-devel-linux-x86_64-fedora-gcc | 1.0.0 | 468.62 | OK | |||
r-devel-macos-arm64 | 1.0.0 | 105.00 | OK | |||
r-devel-macos-x86_64 | 1.0.0 | 323.00 | OK | |||
r-devel-windows-x86_64 | 1.0.0 | 129.00 | 147.00 | 276.00 | OK | |
r-patched-linux-x86_64 | 1.0.0 | 154.56 | 120.43 | 274.99 | NOTE | |
r-release-linux-x86_64 | 1.0.0 | 144.64 | 119.58 | 264.22 | NOTE | |
r-release-macos-arm64 | 1.0.0 | 97.00 | NOTE | |||
r-release-macos-x86_64 | 1.0.0 | 154.00 | NOTE | |||
r-release-windows-x86_64 | 1.0.0 | 134.00 | 139.00 | 273.00 | NOTE | |
r-oldrel-macos-arm64 | 1.0.0 | 81.00 | NOTE | |||
r-oldrel-macos-x86_64 | 1.0.0 | 213.00 | NOTE | |||
r-oldrel-windows-x86_64 | 1.0.0 | 162.00 | 170.00 | 332.00 | NOTE |
Version: 1.0.0
Check: for GNU extensions in Makefiles
Result: NOTE
GNU make is a SystemRequirements.
Flavors: r-patched-linux-x86_64, r-release-linux-x86_64, r-release-macos-arm64, r-release-macos-x86_64, r-release-windows-x86_64, r-oldrel-macos-arm64, r-oldrel-macos-x86_64, r-oldrel-windows-x86_64
Version: 1.0.0
Check: installed package size
Result: NOTE
installed size is 43.7Mb
sub-directories of 1Mb or more:
libs 43.1Mb
Flavors: r-release-macos-arm64, r-release-macos-x86_64, r-oldrel-macos-arm64, r-oldrel-macos-x86_64