CRAN Package Check Results for Package bcmixed

Last updated on 2025-02-21 02:52:06 CET.

Flavor Version Tinstall Tcheck Ttotal Status Flags
r-devel-linux-x86_64-debian-clang 0.1.4 3.94 58.78 62.72 NOTE
r-devel-linux-x86_64-debian-gcc 0.1.4 2.68 38.71 41.39 NOTE
r-devel-linux-x86_64-fedora-clang 0.1.4 93.94 OK
r-devel-linux-x86_64-fedora-gcc 0.1.4 97.47 OK
r-devel-macos-arm64 0.1.4 28.00 OK
r-devel-macos-x86_64 0.1.4 57.00 OK
r-devel-windows-x86_64 0.1.4 5.00 79.00 84.00 NOTE
r-patched-linux-x86_64 0.1.4 4.22 54.97 59.19 OK
r-release-linux-x86_64 0.1.4 3.76 53.41 57.17 OK
r-release-macos-arm64 0.1.4 32.00 OK
r-release-macos-x86_64 0.1.4 52.00 OK
r-release-windows-x86_64 0.1.4 5.00 76.00 81.00 OK
r-oldrel-macos-arm64 0.1.4 34.00 OK
r-oldrel-macos-x86_64 0.1.4 55.00 OK
r-oldrel-windows-x86_64 0.1.4 6.00 86.00 92.00 OK

Check Details

Version: 0.1.4
Check: Rd cross-references
Result: NOTE Found the following Rd file(s) with Rd \link{} targets missing package anchors: bcmarg.Rd: gls summary.bcmmrm.Rd: glsObject Please provide package anchors for all Rd \link{} targets not in the package itself and the base packages. Flavors: r-devel-linux-x86_64-debian-clang, r-devel-linux-x86_64-debian-gcc, r-devel-windows-x86_64