Last updated on 2025-02-20 14:50:46 CET.
Flavor | Version | Tinstall | Tcheck | Ttotal | Status | Flags |
---|---|---|---|---|---|---|
r-devel-linux-x86_64-debian-clang | 0.4.2 | 6.39 | 45.63 | 52.02 | OK | |
r-devel-linux-x86_64-debian-gcc | 0.4.2 | 4.59 | 33.31 | 37.90 | OK | |
r-devel-linux-x86_64-fedora-clang | 0.4.2 | 83.82 | OK | |||
r-devel-linux-x86_64-fedora-gcc | 0.4.2 | 78.08 | OK | |||
r-devel-macos-arm64 | 0.4.2 | 28.00 | OK | |||
r-devel-macos-x86_64 | 0.4.2 | 94.00 | OK | |||
r-devel-windows-x86_64 | 0.4.2 | 9.00 | 63.00 | 72.00 | OK | |
r-patched-linux-x86_64 | 0.4.2 | 7.13 | 43.54 | 50.67 | OK | |
r-release-linux-x86_64 | 0.4.2 | 6.31 | 42.44 | 48.75 | OK | |
r-release-macos-arm64 | 0.4.2 | 29.00 | OK | |||
r-release-macos-x86_64 | 0.4.2 | 54.00 | OK | |||
r-release-windows-x86_64 | 0.4.2 | 9.00 | 3.00 | 12.00 | FAIL | |
r-oldrel-macos-arm64 | 0.4.2 | 36.00 | OK | |||
r-oldrel-macos-x86_64 | 0.4.2 | 70.00 | OK | |||
r-oldrel-windows-x86_64 | 0.4.2 | 11.00 | 69.00 | 80.00 | OK |
Version: 0.4.2
Check: package dependencies
Result: FAIL
Flavor: r-release-windows-x86_64