Last updated on 2025-02-21 02:52:06 CET.
Flavor | Version | Tinstall | Tcheck | Ttotal | Status | Flags |
---|---|---|---|---|---|---|
r-devel-linux-x86_64-debian-clang | 0.2.0 | 4.65 | 51.79 | 56.44 | NOTE | |
r-devel-linux-x86_64-debian-gcc | 0.2.0 | 3.37 | 37.49 | 40.86 | NOTE | |
r-devel-linux-x86_64-fedora-clang | 0.2.0 | 90.19 | NOTE | |||
r-devel-linux-x86_64-fedora-gcc | 0.2.0 | 101.56 | NOTE | |||
r-devel-macos-arm64 | 0.2.0 | 41.00 | OK | |||
r-devel-macos-x86_64 | 0.2.0 | 77.00 | NOTE | |||
r-devel-windows-x86_64 | 0.2.0 | 6.00 | 81.00 | 87.00 | NOTE | |
r-patched-linux-x86_64 | 0.2.0 | 4.87 | 48.20 | 53.07 | OK | |
r-release-linux-x86_64 | 0.2.0 | 3.97 | 47.84 | 51.81 | OK | |
r-release-macos-arm64 | 0.2.0 | 200.00 | OK | |||
r-release-macos-x86_64 | 0.2.0 | 221.00 | OK | |||
r-release-windows-x86_64 | 0.2.0 | 6.00 | 74.00 | 80.00 | OK | |
r-oldrel-macos-arm64 | 0.2.0 | 207.00 | OK | |||
r-oldrel-macos-x86_64 | 0.2.0 | 225.00 | OK | |||
r-oldrel-windows-x86_64 | 0.2.0 | 8.00 | 86.00 | 94.00 | OK |
Version: 0.2.0
Check: DESCRIPTION meta-information
Result: NOTE
Missing dependency on R >= 4.1.0 because package code uses the pipe
|> or function shorthand \(...) syntax added in R 4.1.0.
File(s) using such syntax:
‘apply_contrast.R’ ‘estimate_varcov.R’ ‘get_marginal_effect.R’
‘predict_counterfactuals.R’
Flavors: r-devel-linux-x86_64-debian-clang, r-devel-linux-x86_64-debian-gcc, r-devel-linux-x86_64-fedora-clang, r-devel-linux-x86_64-fedora-gcc, r-devel-macos-x86_64, r-devel-windows-x86_64