Last updated on 2025-02-20 14:50:46 CET.
Flavor | Version | Tinstall | Tcheck | Ttotal | Status | Flags |
---|---|---|---|---|---|---|
r-devel-linux-x86_64-debian-clang | 1.1.4 | 6.04 | 48.81 | 54.85 | OK | |
r-devel-linux-x86_64-debian-gcc | 1.1.4 | 3.61 | 35.73 | 39.34 | OK | |
r-devel-linux-x86_64-fedora-clang | 1.1.4 | 80.01 | OK | |||
r-devel-linux-x86_64-fedora-gcc | 1.1.4 | 76.79 | OK | |||
r-devel-macos-arm64 | 1.1.4 | 43.00 | OK | |||
r-devel-macos-x86_64 | 1.1.4 | 60.00 | OK | |||
r-devel-windows-x86_64 | 1.1.4 | 14.00 | 72.00 | 86.00 | OK | |
r-patched-linux-x86_64 | 1.1.4 | 5.57 | 44.33 | 49.90 | OK | |
r-release-linux-x86_64 | 1.1.4 | 4.73 | 45.38 | 50.11 | OK | |
r-release-macos-arm64 | 1.1.4 | 39.00 | OK | |||
r-release-macos-x86_64 | 1.1.4 | 67.00 | OK | |||
r-release-windows-x86_64 | 1.1.4 | 14.00 | 3.00 | 17.00 | FAIL | |
r-oldrel-macos-arm64 | 1.1.3 | 35.00 | OK | |||
r-oldrel-macos-x86_64 | 1.1.4 | 56.00 | OK | |||
r-oldrel-windows-x86_64 | 1.1.4 | 15.00 | 79.00 | 94.00 | OK |
Version: 1.1.4
Check: package dependencies
Result: FAIL
Flavor: r-release-windows-x86_64