Last updated on 2025-02-21 02:52:06 CET.
Flavor | Version | Tinstall | Tcheck | Ttotal | Status | Flags |
---|---|---|---|---|---|---|
r-devel-linux-x86_64-debian-clang | 0.3.0 | 131.92 | 176.73 | 308.65 | NOTE | |
r-devel-linux-x86_64-debian-gcc | 0.3.0 | 129.09 | 135.45 | 264.54 | NOTE | |
r-devel-linux-x86_64-fedora-clang | 0.3.0 | 485.06 | OK | |||
r-devel-linux-x86_64-fedora-gcc | 0.3.0 | 567.58 | OK | |||
r-devel-macos-arm64 | 0.3.0 | 134.00 | OK | |||
r-devel-macos-x86_64 | 0.3.0 | 329.00 | OK | |||
r-devel-windows-x86_64 | 0.3.0 | 136.00 | 209.00 | 345.00 | NOTE | |
r-patched-linux-x86_64 | 0.3.0 | 163.18 | 177.63 | 340.81 | NOTE | |
r-release-linux-x86_64 | 0.3.0 | 163.88 | 177.80 | 341.68 | NOTE | |
r-release-macos-arm64 | 0.3.0 | 72.00 | NOTE | |||
r-release-macos-x86_64 | 0.3.0 | 138.00 | NOTE | |||
r-release-windows-x86_64 | 0.3.0 | 141.00 | 206.00 | 347.00 | NOTE | |
r-oldrel-macos-arm64 | 0.3.0 | 223.00 | NOTE | |||
r-oldrel-macos-x86_64 | 0.3.0 | 344.00 | NOTE | |||
r-oldrel-windows-x86_64 | 0.3.0 | 178.00 | 278.00 | 456.00 | NOTE |
Version: 0.3.0
Check: Rd cross-references
Result: NOTE
Found the following Rd file(s) with Rd \link{} targets missing package
anchors:
generate_model_data.Rd: tibble
kit_summary_table.Rd: stanfit
plot_kit_use.Rd: stanfit, ggplot2
Please provide package anchors for all Rd \link{} targets not in the
package itself and the base packages.
Flavors: r-devel-linux-x86_64-debian-clang, r-devel-linux-x86_64-debian-gcc, r-devel-windows-x86_64
Version: 0.3.0
Check: for GNU extensions in Makefiles
Result: NOTE
GNU make is a SystemRequirements.
Flavors: r-patched-linux-x86_64, r-release-linux-x86_64, r-release-macos-arm64, r-release-macos-x86_64, r-release-windows-x86_64, r-oldrel-macos-arm64, r-oldrel-macos-x86_64, r-oldrel-windows-x86_64
Version: 0.3.0
Check: installed package size
Result: NOTE
installed size is 43.3Mb
sub-directories of 1Mb or more:
libs 42.7Mb
Flavors: r-release-macos-arm64, r-release-macos-x86_64, r-oldrel-macos-arm64, r-oldrel-macos-x86_64