Last updated on 2025-02-21 02:52:06 CET.
Flavor | Version | Tinstall | Tcheck | Ttotal | Status | Flags |
---|---|---|---|---|---|---|
r-devel-linux-x86_64-debian-clang | 2.0.3.1 | 14.15 | 104.42 | 118.57 | NOTE | |
r-devel-linux-x86_64-debian-gcc | 2.0.3.1 | 9.47 | 67.65 | 77.12 | NOTE | |
r-devel-linux-x86_64-fedora-clang | 2.0.3.1 | 184.05 | OK | |||
r-devel-linux-x86_64-fedora-gcc | 2.0.3.1 | 179.48 | OK | |||
r-devel-macos-arm64 | 2.0.3.1 | 50.00 | OK | |||
r-devel-macos-x86_64 | 2.0.3.1 | 105.00 | OK | |||
r-devel-windows-x86_64 | 2.0.3.1 | 18.00 | 113.00 | 131.00 | NOTE | |
r-patched-linux-x86_64 | 2.0.3.1 | 17.47 | 96.54 | 114.01 | OK | |
r-release-linux-x86_64 | 2.0.3.1 | 12.03 | 95.29 | 107.32 | OK | |
r-release-macos-arm64 | 2.0.3.1 | 49.00 | OK | |||
r-release-macos-x86_64 | 2.0.3.1 | 79.00 | OK | |||
r-release-windows-x86_64 | 2.0.3.1 | 19.00 | 112.00 | 131.00 | OK | |
r-oldrel-macos-arm64 | 2.0.3.1 | 53.00 | OK | |||
r-oldrel-macos-x86_64 | 2.0.3.1 | 109.00 | OK | |||
r-oldrel-windows-x86_64 | 2.0.3.1 | 22.00 | 136.00 | 158.00 | OK |
Version: 2.0.3.1
Check: Rd cross-references
Result: NOTE
Found the following Rd file(s) with Rd \link{} targets missing package
anchors:
diagnosticTest.Rd: additivityTests
Please provide package anchors for all Rd \link{} targets not in the
package itself and the base packages.
Flavors: r-devel-linux-x86_64-debian-clang, r-devel-linux-x86_64-debian-gcc, r-devel-windows-x86_64