Last updated on 2024-05-21 14:57:03 CEST.
Flavor | Version | Tinstall | Tcheck | Ttotal | Status | Flags |
---|---|---|---|---|---|---|
r-devel-linux-x86_64-debian-clang | 0.6.1 | 74.68 | 76.59 | 151.27 | NOTE | |
r-devel-linux-x86_64-debian-gcc | 0.6.1 | 46.88 | 58.90 | 105.78 | NOTE | |
r-devel-linux-x86_64-fedora-clang | 0.6.1 | 237.46 | NOTE | |||
r-devel-linux-x86_64-fedora-gcc | 0.6.1 | 211.33 | NOTE | |||
r-devel-windows-x86_64 | 0.6.1 | 76.00 | 95.00 | 171.00 | NOTE | |
r-patched-linux-x86_64 | 0.6.1 | 80.36 | 75.62 | 155.98 | NOTE | |
r-release-linux-x86_64 | 0.6.1 | 78.09 | 74.32 | 152.41 | NOTE | |
r-release-macos-arm64 | 0.6.1 | 48.00 | NOTE | |||
r-release-windows-x86_64 | 0.6.1 | 75.00 | 94.00 | 169.00 | NOTE | |
r-oldrel-macos-arm64 | 0.6.1 | 64.00 | NOTE | |||
r-oldrel-macos-x86_64 | 0.6.1 | 96.00 | NOTE | |||
r-oldrel-windows-x86_64 | 0.6.1 | 91.00 | 110.00 | 201.00 | NOTE |
Version: 0.6.1
Check: C++ specification
Result: NOTE
Specified C++11: please drop specification unless essential
Flavors: r-devel-linux-x86_64-debian-clang, r-devel-linux-x86_64-debian-gcc, r-devel-linux-x86_64-fedora-clang, r-devel-linux-x86_64-fedora-gcc, r-devel-windows-x86_64, r-patched-linux-x86_64, r-release-linux-x86_64, r-release-macos-arm64, r-release-windows-x86_64, r-oldrel-macos-arm64, r-oldrel-macos-x86_64, r-oldrel-windows-x86_64
Version: 0.6.1
Check: dependencies in R code
Result: NOTE
Namespace in Imports field not imported from: ‘rmio’
All declared Imports should be used.
Flavors: r-devel-linux-x86_64-fedora-clang, r-devel-linux-x86_64-fedora-gcc