Last updated on 2025-02-21 02:52:06 CET.
Flavor | Version | Tinstall | Tcheck | Ttotal | Status | Flags |
---|---|---|---|---|---|---|
r-devel-linux-x86_64-debian-clang | 1.3.1 | 67.96 | 146.40 | 214.36 | OK | |
r-devel-linux-x86_64-debian-gcc | 1.3.1 | 46.68 | 89.89 | 136.57 | OK | |
r-devel-linux-x86_64-fedora-clang | 1.3.1 | 360.02 | OK | |||
r-devel-linux-x86_64-fedora-gcc | 1.3.1 | 352.26 | OK | |||
r-devel-macos-arm64 | 1.3.1 | 88.00 | OK | |||
r-devel-macos-x86_64 | 1.3.1 | 181.00 | OK | |||
r-devel-windows-x86_64 | 1.3.1 | 64.00 | 167.00 | 231.00 | OK | |
r-patched-linux-x86_64 | 1.3.1 | 61.21 | 135.88 | 197.09 | OK | |
r-release-linux-x86_64 | 1.3.1 | 60.22 | 133.56 | 193.78 | OK | |
r-release-macos-arm64 | 1.3.1 | 87.00 | NOTE | |||
r-release-macos-x86_64 | 1.3.1 | 135.00 | NOTE | |||
r-release-windows-x86_64 | 1.3.1 | 67.00 | 167.00 | 234.00 | OK | |
r-oldrel-macos-arm64 | 1.3.1 | 86.00 | NOTE | |||
r-oldrel-macos-x86_64 | 1.3.1 | 241.00 | NOTE | |||
r-oldrel-windows-x86_64 | 1.3.1 | 84.00 | 222.00 | 306.00 | OK |
Version: 1.3.1
Check: installed package size
Result: NOTE
installed size is 5.7Mb
sub-directories of 1Mb or more:
libs 4.6Mb
Flavors: r-release-macos-arm64, r-release-macos-x86_64, r-oldrel-macos-arm64, r-oldrel-macos-x86_64