CRAN Package Check Results for Package binst

Last updated on 2025-02-21 02:52:06 CET.

Flavor Version Tinstall Tcheck Ttotal Status Flags
r-devel-linux-x86_64-debian-clang 0.2.1 1.54 20.08 21.62 OK
r-devel-linux-x86_64-debian-gcc 0.2.1 1.45 16.13 17.58 OK
r-devel-linux-x86_64-fedora-clang 0.2.1 34.27 OK
r-devel-linux-x86_64-fedora-gcc 0.2.1 33.12 OK
r-devel-macos-arm64 0.2.1 17.00 OK
r-devel-macos-x86_64 0.2.1 34.00 OK
r-devel-windows-x86_64 0.2.1 3.00 57.00 60.00 OK
r-patched-linux-x86_64 0.2.1 1.80 19.26 21.06 NOTE
r-release-linux-x86_64 0.2.1 1.45 19.07 20.52 NOTE
r-release-macos-arm64 0.2.1 21.00 NOTE
r-release-macos-x86_64 0.2.1 25.00 NOTE
r-release-windows-x86_64 0.2.1 2.00 48.00 50.00 NOTE
r-oldrel-macos-arm64 0.2.1 19.00 NOTE
r-oldrel-macos-x86_64 0.2.1 22.00 NOTE
r-oldrel-windows-x86_64 0.2.1 3.00 44.00 47.00 NOTE

Check Details

Version: 0.2.1
Check: LazyData
Result: NOTE 'LazyData' is specified without a 'data' directory Flavors: r-patched-linux-x86_64, r-release-linux-x86_64, r-release-macos-arm64, r-release-macos-x86_64, r-release-windows-x86_64, r-oldrel-macos-arm64, r-oldrel-macos-x86_64, r-oldrel-windows-x86_64