CRAN Package Check Results for Package bioacoustics

Last updated on 2025-02-21 02:52:06 CET.

Flavor Version Tinstall Tcheck Ttotal Status Flags
r-devel-linux-x86_64-debian-clang 0.2.8 59.65 55.19 114.84 NOTE
r-devel-linux-x86_64-debian-gcc 0.2.8 42.97 41.03 84.00 NOTE
r-devel-linux-x86_64-fedora-clang 0.2.8 217.73 NOTE
r-devel-linux-x86_64-fedora-gcc 0.2.8 217.44 NOTE
r-devel-macos-arm64 0.2.8 85.00 NOTE
r-devel-macos-x86_64 0.2.8 114.00 NOTE
r-devel-windows-x86_64 0.2.8 71.00 94.00 165.00 NOTE
r-patched-linux-x86_64 0.2.8 62.36 51.58 113.94 NOTE
r-release-linux-x86_64 0.2.8 59.99 51.27 111.26 NOTE
r-release-macos-arm64 0.2.8 75.00 NOTE
r-release-macos-x86_64 0.2.8 87.00 NOTE
r-release-windows-x86_64 0.2.8 72.00 95.00 167.00 NOTE
r-oldrel-macos-arm64 0.2.8 79.00 NOTE
r-oldrel-macos-x86_64 0.2.8 303.00 NOTE
r-oldrel-windows-x86_64 0.2.8 85.00 109.00 194.00 NOTE

Check Details

Version: 0.2.8
Check: C++ specification
Result: NOTE Specified C++11: please drop specification unless essential Flavors: r-devel-linux-x86_64-debian-clang, r-devel-linux-x86_64-debian-gcc, r-devel-linux-x86_64-fedora-clang, r-devel-linux-x86_64-fedora-gcc, r-devel-macos-arm64, r-devel-macos-x86_64, r-devel-windows-x86_64, r-patched-linux-x86_64, r-release-linux-x86_64, r-release-macos-arm64, r-release-macos-x86_64, r-release-windows-x86_64, r-oldrel-macos-arm64, r-oldrel-macos-x86_64, r-oldrel-windows-x86_64

Version: 0.2.8
Check: Rd cross-references
Result: NOTE Found the following Rd file(s) with Rd \link{} targets missing package anchors: read_audio.Rd: Wave Please provide package anchors for all Rd \link{} targets not in the package itself and the base packages. Flavors: r-devel-linux-x86_64-debian-clang, r-devel-linux-x86_64-debian-gcc, r-devel-windows-x86_64

Version: 0.2.8
Check: installed package size
Result: NOTE installed size is 5.9Mb sub-directories of 1Mb or more: libs 4.4Mb Flavors: r-release-macos-arm64, r-release-macos-x86_64, r-oldrel-macos-arm64, r-oldrel-macos-x86_64