Last updated on 2025-02-21 02:52:06 CET.
Flavor | Version | Tinstall | Tcheck | Ttotal | Status | Flags |
---|---|---|---|---|---|---|
r-devel-linux-x86_64-debian-clang | 2.20 | 26.85 | 206.46 | 233.31 | NOTE | |
r-devel-linux-x86_64-debian-gcc | 2.20 | 21.04 | 133.28 | 154.32 | NOTE | |
r-devel-linux-x86_64-fedora-clang | 2.21 | 410.22 | OK | |||
r-devel-linux-x86_64-fedora-gcc | 2.21 | 390.58 | OK | |||
r-devel-macos-arm64 | 2.20 | 102.00 | OK | |||
r-devel-macos-x86_64 | 2.21 | 227.00 | OK | |||
r-devel-windows-x86_64 | 2.20 | 33.00 | 267.00 | 300.00 | NOTE | |
r-patched-linux-x86_64 | 2.20 | 32.16 | 192.76 | 224.92 | OK | |
r-release-linux-x86_64 | 2.20 | 26.94 | 190.47 | 217.41 | OK | |
r-release-macos-arm64 | 2.20 | 102.00 | OK | |||
r-release-macos-x86_64 | 2.21 | 221.00 | OK | |||
r-release-windows-x86_64 | 2.20 | 33.00 | 266.00 | 299.00 | OK | |
r-oldrel-macos-arm64 | 2.20 | 121.00 | OK | |||
r-oldrel-macos-x86_64 | 2.21 | 227.00 | OK | |||
r-oldrel-windows-x86_64 | 2.20 | 42.00 | 314.00 | 356.00 | OK |
Version: 2.20
Check: Rd cross-references
Result: NOTE
Found the following Rd file(s) with Rd \link{} targets missing package
anchors:
betalinkr.Rd: vegdist, betadiver
Please provide package anchors for all Rd \link{} targets not in the
package itself and the base packages.
Flavors: r-devel-linux-x86_64-debian-clang, r-devel-linux-x86_64-debian-gcc, r-devel-windows-x86_64