CRAN Package Check Results for Package birtr

Last updated on 2025-02-18 02:50:31 CET.

Flavor Version Tinstall Tcheck Ttotal Status Flags
r-devel-linux-x86_64-debian-clang 1.0.0 1.89 21.14 23.03 OK
r-devel-linux-x86_64-debian-gcc 1.0.0 1.57 17.40 18.97 OK
r-devel-linux-x86_64-fedora-clang 1.0.0 38.30 OK
r-devel-linux-x86_64-fedora-gcc 1.0.0 35.19 OK
r-devel-macos-arm64 1.0.0 16.00 OK
r-devel-macos-x86_64 1.0.0 25.00 OK
r-devel-windows-x86_64 1.0.0 4.00 45.00 49.00 OK
r-patched-linux-x86_64 1.0.0 2.22 19.92 22.14 NOTE
r-release-linux-x86_64 1.0.0 1.73 20.21 21.94 NOTE
r-release-macos-arm64 1.0.0 19.00 NOTE
r-release-macos-x86_64 1.0.0 23.00 NOTE
r-release-windows-x86_64 1.0.0 3.00 44.00 47.00 NOTE
r-oldrel-macos-arm64 1.0.0 16.00 NOTE
r-oldrel-macos-x86_64 1.0.0 23.00 NOTE
r-oldrel-windows-x86_64 1.0.0 3.00 66.00 69.00 NOTE

Check Details

Version: 1.0.0
Check: LazyData
Result: NOTE 'LazyData' is specified without a 'data' directory Flavors: r-patched-linux-x86_64, r-release-linux-x86_64, r-release-macos-arm64, r-release-macos-x86_64, r-release-windows-x86_64, r-oldrel-macos-arm64, r-oldrel-macos-x86_64, r-oldrel-windows-x86_64