Last updated on 2025-02-21 02:52:06 CET.
Flavor | Version | Tinstall | Tcheck | Ttotal | Status | Flags |
---|---|---|---|---|---|---|
r-devel-linux-x86_64-debian-clang | 1.1.2 | 188.30 | 145.25 | 333.55 | NOTE | |
r-devel-linux-x86_64-debian-gcc | 1.1.2 | 168.66 | 120.39 | 289.05 | NOTE | |
r-devel-linux-x86_64-fedora-clang | 1.1.2 | 490.99 | OK | |||
r-devel-linux-x86_64-fedora-gcc | 1.1.2 | 628.45 | OK | |||
r-devel-macos-arm64 | 1.1.2 | 151.00 | OK | |||
r-devel-macos-x86_64 | 1.1.2 | 395.00 | OK | |||
r-devel-windows-x86_64 | 1.1.2 | 164.00 | 185.00 | 349.00 | NOTE | |
r-patched-linux-x86_64 | 1.1.2 | 198.92 | 153.33 | 352.25 | NOTE | |
r-release-linux-x86_64 | 1.1.2 | 200.40 | 153.69 | 354.09 | NOTE | |
r-release-macos-arm64 | 1.1.2 | 82.00 | NOTE | |||
r-release-macos-x86_64 | 1.1.2 | 138.00 | NOTE | |||
r-release-windows-x86_64 | 1.1.2 | 173.00 | 189.00 | 362.00 | NOTE | |
r-oldrel-macos-arm64 | 1.1.2 | 249.00 | NOTE | |||
r-oldrel-macos-x86_64 | 1.1.2 | 546.00 | NOTE | |||
r-oldrel-windows-x86_64 | 1.1.2 | 214.00 | 224.00 | 438.00 | NOTE |
Version: 1.1.2
Check: Rd cross-references
Result: NOTE
Found the following Rd file(s) with Rd \link{} targets missing package
anchors:
waic.cumhist.Rd: loo-package
Please provide package anchors for all Rd \link{} targets not in the
package itself and the base packages.
Flavors: r-devel-linux-x86_64-debian-clang, r-devel-linux-x86_64-debian-gcc, r-devel-windows-x86_64
Version: 1.1.2
Check: for GNU extensions in Makefiles
Result: NOTE
GNU make is a SystemRequirements.
Flavors: r-patched-linux-x86_64, r-release-linux-x86_64, r-release-macos-arm64, r-release-macos-x86_64, r-release-windows-x86_64, r-oldrel-macos-arm64, r-oldrel-macos-x86_64, r-oldrel-windows-x86_64
Version: 1.1.2
Check: installed package size
Result: NOTE
installed size is 54.9Mb
sub-directories of 1Mb or more:
libs 53.9Mb
Flavors: r-release-macos-arm64, r-release-macos-x86_64, r-oldrel-macos-arm64, r-oldrel-macos-x86_64