CRAN Package Check Results for Package biwt

Last updated on 2025-02-20 14:50:46 CET.

Flavor Version Tinstall Tcheck Ttotal Status Flags
r-devel-linux-x86_64-debian-clang 1.0.1 2.49 21.94 24.43 OK
r-devel-linux-x86_64-debian-gcc 1.0.1 1.94 17.45 19.39 OK
r-devel-linux-x86_64-fedora-clang 1.0.1 38.83 OK
r-devel-linux-x86_64-fedora-gcc 1.0.1 39.30 OK
r-devel-macos-arm64 1.0.1 17.00 OK
r-devel-macos-x86_64 1.0.1 35.00 OK
r-devel-windows-x86_64 1.0.1 4.00 44.00 48.00 OK
r-patched-linux-x86_64 1.0.1 2.39 20.96 23.35 OK
r-release-linux-x86_64 1.0.1 1.89 21.30 23.19 OK
r-release-macos-arm64 1.0.1 17.00 OK
r-release-macos-x86_64 1.0.1 26.00 OK
r-release-windows-x86_64 1.0.1 4.00 3.00 7.00 FAIL
r-oldrel-macos-arm64 1.0.1 18.00 OK
r-oldrel-macos-x86_64 1.0.1 23.00 OK
r-oldrel-windows-x86_64 1.0.1 3.00 72.00 75.00 OK

Check Details

Version: 1.0.1
Check: package dependencies
Result: FAIL
Flavor: r-release-windows-x86_64