Last updated on 2025-02-20 14:50:46 CET.
Flavor | Version | Tinstall | Tcheck | Ttotal | Status | Flags |
---|---|---|---|---|---|---|
r-devel-linux-x86_64-debian-clang | 1.1.5 | 72.39 | 50.56 | 122.95 | OK | |
r-devel-linux-x86_64-debian-gcc | 1.1.5 | 48.47 | 36.94 | 85.41 | OK | |
r-devel-linux-x86_64-fedora-clang | 1.1.5 | 199.72 | OK | |||
r-devel-linux-x86_64-fedora-gcc | 1.1.5 | 209.35 | OK | |||
r-devel-macos-arm64 | 1.1.5 | 55.00 | OK | |||
r-devel-macos-x86_64 | 1.1.5 | 123.00 | OK | |||
r-devel-windows-x86_64 | 1.1.5 | 67.00 | 92.00 | 159.00 | OK | |
r-patched-linux-x86_64 | 1.1.5 | 69.22 | 46.77 | 115.99 | OK | |
r-release-linux-x86_64 | 1.1.5 | 69.77 | 47.16 | 116.93 | OK | |
r-release-macos-arm64 | 1.1.5 | 52.00 | NOTE | |||
r-release-macos-x86_64 | 1.1.5 | 84.00 | NOTE | |||
r-release-windows-x86_64 | 1.1.5 | 68.00 | 88.00 | 156.00 | OK | |
r-oldrel-macos-arm64 | 1.1.5 | 65.00 | NOTE | |||
r-oldrel-macos-x86_64 | 1.1.5 | 110.00 | NOTE | |||
r-oldrel-windows-x86_64 | 1.1.5 | 82.00 | 109.00 | 191.00 | OK |
Version: 1.1.5
Check: installed package size
Result: NOTE
installed size is 13.6Mb
sub-directories of 1Mb or more:
libs 13.1Mb
Flavors: r-release-macos-arm64, r-release-macos-x86_64, r-oldrel-macos-arm64, r-oldrel-macos-x86_64