Last updated on 2025-02-21 02:52:06 CET.
Flavor | Version | Tinstall | Tcheck | Ttotal | Status | Flags |
---|---|---|---|---|---|---|
r-devel-linux-x86_64-debian-clang | 0.1.0 | 744.93 | 141.36 | 886.29 | OK | |
r-devel-linux-x86_64-debian-gcc | 0.1.0 | 640.85 | 161.16 | 802.01 | OK | |
r-devel-linux-x86_64-fedora-clang | 0.1.0 | 1352.76 | NOTE | |||
r-devel-linux-x86_64-fedora-gcc | 0.1.0 | 2005.94 | NOTE | |||
r-devel-macos-arm64 | 0.1.0 | 383.00 | OK | |||
r-devel-macos-x86_64 | 0.1.0 | 385.00 | OK | |||
r-devel-windows-x86_64 | 0.1.0 | 699.00 | 211.00 | 910.00 | OK | |
r-patched-linux-x86_64 | 0.1.0 | 867.01 | 210.15 | 1077.16 | NOTE | |
r-release-linux-x86_64 | 0.1.0 | 873.90 | 208.29 | 1082.19 | NOTE | |
r-release-macos-arm64 | 0.1.0 | 215.00 | NOTE | |||
r-release-macos-x86_64 | 0.1.0 | 182.00 | NOTE | |||
r-release-windows-x86_64 | 0.1.0 | 705.00 | 206.00 | 911.00 | NOTE | |
r-oldrel-macos-arm64 | 0.1.0 | 362.00 | NOTE | |||
r-oldrel-macos-x86_64 | 0.1.0 | 548.00 | NOTE | |||
r-oldrel-windows-x86_64 | 0.1.0 | 962.00 | 270.00 | 1232.00 | NOTE |
Version: 0.1.0
Check: dependencies in R code
Result: NOTE
Namespaces in Imports field not imported from:
‘RcppParallel’ ‘rstantools’
All declared Imports should be used.
Flavors: r-devel-linux-x86_64-fedora-clang, r-devel-linux-x86_64-fedora-gcc
Version: 0.1.0
Check: for GNU extensions in Makefiles
Result: NOTE
GNU make is a SystemRequirements.
Flavors: r-patched-linux-x86_64, r-release-linux-x86_64, r-release-macos-arm64, r-release-macos-x86_64, r-release-windows-x86_64, r-oldrel-macos-arm64, r-oldrel-macos-x86_64, r-oldrel-windows-x86_64
Version: 0.1.0
Check: installed package size
Result: NOTE
installed size is 125.3Mb
sub-directories of 1Mb or more:
libs 124.7Mb
Flavors: r-release-macos-arm64, r-release-macos-x86_64, r-release-windows-x86_64, r-oldrel-macos-arm64, r-oldrel-macos-x86_64, r-oldrel-windows-x86_64