Last updated on 2025-02-21 02:52:06 CET.
Flavor | Version | Tinstall | Tcheck | Ttotal | Status | Flags |
---|---|---|---|---|---|---|
r-devel-linux-x86_64-debian-clang | 1.3.15 | 262.19 | 117.47 | 379.66 | OK | |
r-devel-linux-x86_64-debian-gcc | 1.3.15 | 241.70 | 105.02 | 346.72 | OK | |
r-devel-linux-x86_64-fedora-clang | 1.3.15 | 564.79 | NOTE | |||
r-devel-linux-x86_64-fedora-gcc | 1.3.15 | 765.26 | NOTE | |||
r-devel-macos-arm64 | 1.3.15 | 173.00 | OK | |||
r-devel-macos-x86_64 | 1.3.15 | 300.00 | OK | |||
r-devel-windows-x86_64 | 1.3.15 | 247.00 | 143.00 | 390.00 | OK | |
r-patched-linux-x86_64 | 1.3.15 | 303.40 | 136.72 | 440.12 | OK | |
r-release-linux-x86_64 | 1.3.15 | 314.27 | 135.12 | 449.39 | OK | |
r-release-macos-arm64 | 1.3.15 | 90.00 | NOTE | |||
r-release-macos-x86_64 | 1.3.15 | 116.00 | NOTE | |||
r-release-windows-x86_64 | 1.3.15 | 252.00 | 141.00 | 393.00 | OK | |
r-oldrel-macos-arm64 | 1.3.15 | 182.00 | NOTE | |||
r-oldrel-macos-x86_64 | 1.3.15 | 259.00 | NOTE | |||
r-oldrel-windows-x86_64 | 1.3.15 | 328.00 | 197.00 | 525.00 | OK |
Version: 1.3.15
Check: dependencies in R code
Result: NOTE
Namespaces in Imports field not imported from:
‘RcppParallel’ ‘rstantools’
All declared Imports should be used.
Flavors: r-devel-linux-x86_64-fedora-clang, r-devel-linux-x86_64-fedora-gcc
Version: 1.3.15
Check: installed package size
Result: NOTE
installed size is 65.1Mb
sub-directories of 1Mb or more:
libs 64.7Mb
Flavors: r-release-macos-arm64, r-release-macos-x86_64, r-oldrel-macos-arm64, r-oldrel-macos-x86_64
Version: 1.3.15
Check: for GNU extensions in Makefiles
Result: NOTE
GNU make is a SystemRequirements.
Flavors: r-release-macos-arm64, r-release-macos-x86_64, r-oldrel-macos-arm64, r-oldrel-macos-x86_64