Last updated on 2025-02-21 02:52:06 CET.
Flavor | Version | Tinstall | Tcheck | Ttotal | Status | Flags |
---|---|---|---|---|---|---|
r-devel-linux-x86_64-debian-clang | 0.0.2 | 18.77 | 153.94 | 172.71 | OK | |
r-devel-linux-x86_64-debian-gcc | 0.0.2 | 0.73 | 1.47 | 2.20 | ERROR | |
r-devel-linux-x86_64-fedora-clang | 0.0.2 | 257.86 | OK | |||
r-devel-linux-x86_64-fedora-gcc | 0.0.2 | 267.74 | OK | |||
r-devel-macos-arm64 | 0.0.2 | 87.00 | OK | |||
r-devel-macos-x86_64 | 0.0.2 | 204.00 | OK | |||
r-devel-windows-x86_64 | 0.0.2 | 21.00 | 176.00 | 197.00 | OK | |
r-patched-linux-x86_64 | 0.0.2 | 22.46 | 140.07 | 162.53 | OK | |
r-release-linux-x86_64 | 0.0.2 | 14.53 | 139.42 | 153.95 | OK | |
r-release-macos-arm64 | 0.0.2 | 78.00 | OK | |||
r-release-macos-x86_64 | 0.0.2 | 110.00 | OK | |||
r-release-windows-x86_64 | 0.0.2 | 24.00 | 174.00 | 198.00 | OK | |
r-oldrel-macos-arm64 | 0.0.2 | 90.00 | OK | |||
r-oldrel-macos-x86_64 | 0.0.2 | 118.00 | OK | |||
r-oldrel-windows-x86_64 | 0.0.2 | 29.00 | 211.00 | 240.00 | OK |
Version: 0.0.2
Check: package dependencies
Result: ERROR
Package required but not available: ‘Rgraphviz’
See section ‘The DESCRIPTION file’ in the ‘Writing R Extensions’
manual.
Flavor: r-devel-linux-x86_64-debian-gcc