CRAN Package Check Results for Package bnnSurvival

Last updated on 2025-02-20 14:50:46 CET.

Flavor Version Tinstall Tcheck Ttotal Status Flags
r-devel-linux-x86_64-debian-clang 0.1.5 16.70 71.29 87.99 OK
r-devel-linux-x86_64-debian-gcc 0.1.5 11.89 49.00 60.89 OK
r-devel-linux-x86_64-fedora-clang 0.1.5 138.17 OK
r-devel-linux-x86_64-fedora-gcc 0.1.5 134.44 OK
r-devel-macos-arm64 0.1.5 44.00 OK
r-devel-macos-x86_64 0.1.5 77.00 OK
r-devel-windows-x86_64 0.1.5 20.00 103.00 123.00 OK
r-patched-linux-x86_64 0.1.5 16.39 63.06 79.45 OK
r-release-linux-x86_64 0.1.5 17.41 63.01 80.42 OK
r-release-macos-arm64 0.1.5 43.00 OK
r-release-macos-x86_64 0.1.5 59.00 OK
r-release-windows-x86_64 0.1.5 22.00 3.00 25.00 FAIL
r-oldrel-macos-arm64 0.1.5 48.00 OK
r-oldrel-macos-x86_64 0.1.5 74.00 OK
r-oldrel-windows-x86_64 0.1.5 26.00 133.00 159.00 OK

Check Details

Version: 0.1.5
Check: package dependencies
Result: FAIL
Flavor: r-release-windows-x86_64