CRAN Package Check Results for Package box.lsp

Last updated on 2025-05-14 02:50:08 CEST.

Flavor Version Tinstall Tcheck Ttotal Status Flags
r-devel-linux-x86_64-debian-clang 0.1.3 2.09 25.91 28.00 ERROR
r-devel-linux-x86_64-debian-gcc 0.1.3 1.53 21.47 23.00 OK
r-devel-linux-x86_64-fedora-clang 0.1.3 40.98 OK
r-devel-linux-x86_64-fedora-gcc 0.1.3 41.76 OK
r-devel-windows-x86_64 0.1.3 3.00 44.00 47.00 OK
r-patched-linux-x86_64 0.1.3 2.00 24.09 26.09 OK
r-release-linux-x86_64 0.1.3 1.94 23.74 25.68 OK
r-release-macos-arm64 0.1.3 23.00 OK
r-release-macos-x86_64 0.1.3 36.00 OK
r-release-windows-x86_64 0.1.3 2.00 44.00 46.00 OK
r-oldrel-macos-arm64 0.1.3 27.00 OK
r-oldrel-macos-x86_64 0.1.3 37.00 OK
r-oldrel-windows-x86_64 0.1.3 3.00 47.00 50.00 OK

Check Details

Version: 0.1.3
Check: tests
Result: ERROR Running ‘testthat.R’ [7s/9s] Running the tests in ‘tests/testthat.R’ failed. Complete output: > # This file is part of the standard setup for testthat. > # It is recommended that you do not modify it. > # > # Where should you do additional test configuration? > # Learn more about the roles of various files in: > # * https://r-pkgs.org/tests.html > # * https://testthat.r-lib.org/reference/test_package.html#special-files > > library(testthat) > library(box.lsp) > > test_check("box.lsp") [ FAIL 1 | WARN 0 | SKIP 5 | PASS 2 ] ══ Skipped tests (5) ═══════════════════════════════════════════════════════════ • On CRAN (5): 'test-lsp_aaa_regression.R:2:3', 'test-lsp_completion_package_attach_list.R:2:3', 'test-lsp_completion_package_three_dots.R:2:3', 'test-lsp_completion_whole_package.R:2:3', 'test-signature.R:2:3' ══ Failed tests ════════════════════════════════════════════════════════════════ ── Error ('test-lsp_completion_package_attach_list.R:64:1'): completion of package attach list does not return non-attached functions ── <no_such_process/ps_error/error/condition> Error: Failed to send signal to some processes: 844446 (???), 844446 (???), 844446 (???), 844446 (???), 844446 (???) Backtrace: ▆ 1. ├─withr (local) `<fn>`() 2. └─client$process$kill_tree() at tests/testthat/helper-utils.R:84:7 3. └─processx:::process_kill_tree(self, private, grace, close_connections) 4. └─get("ps_kill_tree", asNamespace("ps"))(private$tree_id) 5. └─ps::ps_send_signal(procs, sig) 6. └─ps:::process_signal_result(p, res, "Failed to send signal to") [ FAIL 1 | WARN 0 | SKIP 5 | PASS 2 ] Error: Test failures Execution halted Flavor: r-devel-linux-x86_64-debian-clang