Last updated on 2025-02-18 02:50:31 CET.
Flavor | Version | Tinstall | Tcheck | Ttotal | Status | Flags |
---|---|---|---|---|---|---|
r-devel-linux-x86_64-debian-clang | 1.3-6 | 4.39 | 42.65 | 47.04 | NOTE | |
r-devel-linux-x86_64-debian-gcc | 1.3-6 | 3.45 | 34.65 | 38.10 | NOTE | |
r-devel-linux-x86_64-fedora-clang | 1.3-6 | 77.75 | OK | |||
r-devel-linux-x86_64-fedora-gcc | 1.3-6 | 90.18 | OK | |||
r-devel-macos-arm64 | 1.3-6 | 33.00 | OK | |||
r-devel-macos-x86_64 | 1.3-6 | 62.00 | OK | |||
r-devel-windows-x86_64 | 1.3-6 | 9.00 | 81.00 | 90.00 | NOTE | |
r-patched-linux-x86_64 | 1.3-6 | 8.88 | 40.80 | 49.68 | OK | |
r-release-linux-x86_64 | 1.3-6 | 3.86 | 40.62 | 44.48 | OK | |
r-release-macos-arm64 | 1.3-6 | 31.00 | OK | |||
r-release-macos-x86_64 | 1.3-6 | 48.00 | OK | |||
r-release-windows-x86_64 | 1.3-6 | 8.00 | 80.00 | 88.00 | OK | |
r-oldrel-macos-arm64 | 1.3-6 | 33.00 | OK | |||
r-oldrel-macos-x86_64 | 1.3-6 | 87.00 | OK | |||
r-oldrel-windows-x86_64 | 1.3-6 | 7.00 | 88.00 | 95.00 | OK |
Version: 1.3-6
Check: Rd cross-references
Result: NOTE
Found the following Rd file(s) with Rd \link{} targets missing package
anchors:
print.xtable.Rd: xtable
Please provide package anchors for all Rd \link{} targets not in the
package itself and the base packages.
Flavors: r-devel-linux-x86_64-debian-clang, r-devel-linux-x86_64-debian-gcc, r-devel-windows-x86_64