Last updated on 2025-02-20 14:50:46 CET.
Flavor | Version | Tinstall | Tcheck | Ttotal | Status | Flags |
---|---|---|---|---|---|---|
r-devel-linux-x86_64-debian-clang | 3.1.0 | 25.60 | 120.93 | 146.53 | NOTE | |
r-devel-linux-x86_64-debian-gcc | 3.1.0 | 17.58 | 80.09 | 97.67 | NOTE | |
r-devel-linux-x86_64-fedora-clang | 3.1.0 | 231.25 | OK | |||
r-devel-linux-x86_64-fedora-gcc | 3.1.0 | 222.49 | OK | |||
r-devel-macos-arm64 | 3.1.0 | 59.00 | OK | |||
r-devel-macos-x86_64 | 3.1.0 | 116.00 | OK | |||
r-devel-windows-x86_64 | 3.1.0 | 25.00 | 136.00 | 161.00 | NOTE | |
r-patched-linux-x86_64 | 3.1.0 | 30.82 | 110.82 | 141.64 | OK | |
r-release-linux-x86_64 | 3.1.0 | 23.79 | 111.42 | 135.21 | OK | |
r-release-macos-arm64 | 3.1.0 | 59.00 | OK | |||
r-release-macos-x86_64 | 3.1.0 | 92.00 | OK | |||
r-release-windows-x86_64 | 3.1.0 | 25.00 | 3.00 | 28.00 | FAIL | |
r-oldrel-macos-arm64 | 3.1.0 | 65.00 | OK | |||
r-oldrel-macos-x86_64 | 3.1.0 | 154.00 | OK | |||
r-oldrel-windows-x86_64 | 3.1.0 | 35.00 | 159.00 | 194.00 | OK |
Version: 3.1.0
Check: Rd cross-references
Result: NOTE
Found the following Rd file(s) with Rd \link{} targets missing package
anchors:
plot_global.Rd: data.table
Please provide package anchors for all Rd \link{} targets not in the
package itself and the base packages.
Flavors: r-devel-linux-x86_64-debian-clang, r-devel-linux-x86_64-debian-gcc, r-devel-windows-x86_64
Version: 3.1.0
Check: package dependencies
Result: FAIL
Flavor: r-release-windows-x86_64