Last updated on 2024-05-21 14:57:04 CEST.
Flavor | Version | Tinstall | Tcheck | Ttotal | Status | Flags |
---|---|---|---|---|---|---|
r-devel-linux-x86_64-debian-clang | 0.3.0 | 3.29 | 30.13 | 33.42 | NOTE | |
r-devel-linux-x86_64-debian-gcc | 0.3.0 | 2.61 | 22.31 | 24.92 | NOTE | |
r-devel-linux-x86_64-fedora-clang | 0.3.0 | 46.13 | NOTE | |||
r-devel-linux-x86_64-fedora-gcc | 0.3.0 | 38.52 | NOTE | |||
r-devel-windows-x86_64 | 0.3.0 | 4.00 | 47.00 | 51.00 | NOTE | |
r-patched-linux-x86_64 | 0.3.0 | 3.37 | 27.80 | 31.17 | NOTE | |
r-release-linux-x86_64 | 0.3.0 | 2.23 | 28.19 | 30.42 | NOTE | |
r-release-macos-arm64 | 0.3.0 | 18.00 | NOTE | |||
r-release-windows-x86_64 | 0.3.0 | 4.00 | 47.00 | 51.00 | NOTE | |
r-oldrel-macos-arm64 | 0.3.0 | 19.00 | NOTE | |||
r-oldrel-macos-x86_64 | 0.3.0 | 24.00 | NOTE | |||
r-oldrel-windows-x86_64 | 0.3.0 | 5.00 | 50.00 | 55.00 | NOTE |
Version: 0.3.0
Check: LazyData
Result: NOTE
'LazyData' is specified without a 'data' directory
Flavors: r-devel-linux-x86_64-debian-clang, r-devel-linux-x86_64-debian-gcc, r-devel-linux-x86_64-fedora-clang, r-devel-linux-x86_64-fedora-gcc, r-devel-windows-x86_64, r-patched-linux-x86_64, r-release-linux-x86_64, r-release-macos-arm64, r-release-windows-x86_64, r-oldrel-macos-arm64, r-oldrel-macos-x86_64, r-oldrel-windows-x86_64