Last updated on 2025-02-21 02:52:06 CET.
Flavor | Version | Tinstall | Tcheck | Ttotal | Status | Flags |
---|---|---|---|---|---|---|
r-devel-linux-x86_64-debian-clang | 0.8.9 | 130.18 | 150.11 | 280.29 | OK | |
r-devel-linux-x86_64-debian-gcc | 0.8.9 | 119.08 | 122.19 | 241.27 | OK | |
r-devel-linux-x86_64-fedora-clang | 0.8.9 | 438.55 | OK | |||
r-devel-linux-x86_64-fedora-gcc | 0.8.9 | 513.57 | OK | |||
r-devel-macos-arm64 | 0.8.9 | 115.00 | OK | |||
r-devel-macos-x86_64 | 0.8.9 | 277.00 | OK | |||
r-devel-windows-x86_64 | 0.8.9 | 128.00 | 159.00 | 287.00 | OK | |
r-patched-linux-x86_64 | 0.8.9 | 148.23 | 159.14 | 307.37 | OK | |
r-release-linux-x86_64 | 0.8.9 | 150.12 | 157.62 | 307.74 | OK | |
r-release-macos-arm64 | 0.8.9 | 119.00 | NOTE | |||
r-release-macos-x86_64 | 0.8.9 | 162.00 | NOTE | |||
r-release-windows-x86_64 | 0.8.9 | 130.00 | 156.00 | 286.00 | OK | |
r-oldrel-macos-arm64 | 0.8.9 | 137.00 | NOTE | |||
r-oldrel-macos-x86_64 | 0.8.9 | 212.00 | NOTE | |||
r-oldrel-windows-x86_64 | 0.8.9 | 172.00 | 194.00 | 366.00 | OK |
Version: 0.8.9
Check: installed package size
Result: NOTE
installed size is 45.3Mb
sub-directories of 1Mb or more:
libs 45.0Mb
Flavors: r-release-macos-arm64, r-release-macos-x86_64, r-oldrel-macos-arm64, r-oldrel-macos-x86_64
Version: 0.8.9
Check: for GNU extensions in Makefiles
Result: NOTE
GNU make is a SystemRequirements.
Flavors: r-release-macos-arm64, r-release-macos-x86_64, r-oldrel-macos-arm64, r-oldrel-macos-x86_64