Last updated on 2025-02-21 02:52:06 CET.
Flavor | Version | Tinstall | Tcheck | Ttotal | Status | Flags |
---|---|---|---|---|---|---|
r-devel-linux-x86_64-debian-clang | 0.9.2 | 11.99 | 103.52 | 115.51 | NOTE | |
r-devel-linux-x86_64-debian-gcc | 0.9.2 | 7.41 | 76.99 | 84.40 | NOTE | |
r-devel-linux-x86_64-fedora-clang | 0.9.2 | 179.52 | OK | |||
r-devel-linux-x86_64-fedora-gcc | 0.9.2 | 193.70 | OK | |||
r-devel-macos-arm64 | 0.9.2 | 67.00 | OK | |||
r-devel-macos-x86_64 | 0.9.2 | 134.00 | OK | |||
r-devel-windows-x86_64 | 0.9.2 | 13.00 | 119.00 | 132.00 | NOTE | |
r-patched-linux-x86_64 | 0.9.2 | 12.22 | 99.97 | 112.19 | OK | |
r-release-linux-x86_64 | 0.9.2 | 9.95 | 99.71 | 109.66 | OK | |
r-release-macos-arm64 | 0.9.2 | 64.00 | OK | |||
r-release-macos-x86_64 | 0.9.2 | 96.00 | OK | |||
r-release-windows-x86_64 | 0.9.2 | 13.00 | 118.00 | 131.00 | OK | |
r-oldrel-macos-arm64 | 0.9.2 | 75.00 | OK | |||
r-oldrel-macos-x86_64 | 0.9.2 | 194.00 | OK | |||
r-oldrel-windows-x86_64 | 0.9.2 | 18.00 | 170.00 | 188.00 | OK |
Version: 0.9.2
Check: Rd cross-references
Result: NOTE
Found the following Rd file(s) with Rd \link{} targets missing package
anchors:
brnb.Rd: negbin
Please provide package anchors for all Rd \link{} targets not in the
package itself and the base packages.
Flavors: r-devel-linux-x86_64-debian-clang, r-devel-linux-x86_64-debian-gcc, r-devel-windows-x86_64