Last updated on 2025-02-21 02:52:06 CET.
Flavor | Version | Tinstall | Tcheck | Ttotal | Status | Flags |
---|---|---|---|---|---|---|
r-devel-linux-x86_64-debian-clang | 0.1.7 | 2.68 | 22.96 | 25.64 | OK | |
r-devel-linux-x86_64-debian-gcc | 0.1.7 | 1.92 | 17.68 | 19.60 | OK | |
r-devel-linux-x86_64-fedora-clang | 0.1.7 | 39.72 | NOTE | |||
r-devel-linux-x86_64-fedora-gcc | 0.1.7 | 38.90 | NOTE | |||
r-devel-macos-arm64 | 0.1.7 | 17.00 | OK | |||
r-devel-macos-x86_64 | 0.1.7 | 32.00 | OK | |||
r-devel-windows-x86_64 | 0.1.7 | 4.00 | 46.00 | 50.00 | OK | |
r-patched-linux-x86_64 | 0.1.7 | 2.59 | 22.34 | 24.93 | OK | |
r-release-linux-x86_64 | 0.1.7 | 2.51 | 21.43 | 23.94 | OK | |
r-release-macos-arm64 | 0.1.7 | 17.00 | OK | |||
r-release-macos-x86_64 | 0.1.7 | 24.00 | OK | |||
r-release-windows-x86_64 | 0.1.7 | 3.00 | 45.00 | 48.00 | OK | |
r-oldrel-macos-arm64 | 0.1.7 | 19.00 | OK | |||
r-oldrel-macos-x86_64 | 0.1.7 | 25.00 | OK | |||
r-oldrel-windows-x86_64 | 0.1.7 | 4.00 | 46.00 | 50.00 | OK |
Version: 0.1.7
Check: dependencies in R code
Result: NOTE
Namespaces in Imports field not imported from:
‘Rcpp’ ‘profileModel’
All declared Imports should be used.
Flavors: r-devel-linux-x86_64-fedora-clang, r-devel-linux-x86_64-fedora-gcc