Last updated on 2024-05-21 14:57:04 CEST.
Flavor | Version | Tinstall | Tcheck | Ttotal | Status | Flags |
---|---|---|---|---|---|---|
r-devel-linux-x86_64-debian-clang | 1.0 | 8.47 | 69.77 | 78.24 | OK | |
r-devel-linux-x86_64-debian-gcc | 1.0 | 7.86 | 50.70 | 58.56 | OK | |
r-devel-linux-x86_64-fedora-clang | 1.0 | 109.42 | NOTE | |||
r-devel-linux-x86_64-fedora-gcc | 1.0 | 93.29 | NOTE | |||
r-devel-windows-x86_64 | 1.0 | 10.00 | 67.00 | 77.00 | OK | |
r-patched-linux-x86_64 | 1.0 | 10.74 | 64.14 | 74.88 | OK | |
r-release-linux-x86_64 | 1.0 | 8.46 | 66.86 | 75.32 | OK | |
r-release-macos-arm64 | 1.0 | 31.00 | OK | |||
r-release-windows-x86_64 | 1.0 | 11.00 | 68.00 | 79.00 | OK | |
r-oldrel-macos-arm64 | 1.0 | 30.00 | OK | |||
r-oldrel-macos-x86_64 | 1.0 | 48.00 | OK | |||
r-oldrel-windows-x86_64 | 1.0 | 12.00 | 77.00 | 89.00 | OK |
Version: 1.0
Check: dependencies in R code
Result: NOTE
Namespaces in Imports field not imported from:
‘mvtnorm’ ‘ssmn’
All declared Imports should be used.
Flavors: r-devel-linux-x86_64-fedora-clang, r-devel-linux-x86_64-fedora-gcc