Last updated on 2024-05-21 14:57:04 CEST.
Flavor | Version | Tinstall | Tcheck | Ttotal | Status | Flags |
---|---|---|---|---|---|---|
r-devel-linux-x86_64-debian-clang | 0.1.0 | 3.25 | 22.85 | 26.10 | NOTE | |
r-devel-linux-x86_64-debian-gcc | 0.1.0 | 2.31 | 17.55 | 19.86 | NOTE | |
r-devel-linux-x86_64-fedora-clang | 0.1.0 | 35.28 | NOTE | |||
r-devel-linux-x86_64-fedora-gcc | 0.1.0 | 30.59 | NOTE | |||
r-devel-windows-x86_64 | 0.1.0 | 5.00 | 44.00 | 49.00 | NOTE | |
r-patched-linux-x86_64 | 0.1.0 | 2.85 | 22.20 | 25.05 | NOTE | |
r-release-linux-x86_64 | 0.1.0 | 2.45 | 21.60 | 24.05 | NOTE | |
r-release-macos-arm64 | 0.1.0 | 18.00 | NOTE | |||
r-release-windows-x86_64 | 0.1.0 | 5.00 | 42.00 | 47.00 | NOTE | |
r-oldrel-macos-arm64 | 0.1.0 | 17.00 | NOTE | |||
r-oldrel-macos-x86_64 | 0.1.0 | 22.00 | NOTE | |||
r-oldrel-windows-x86_64 | 0.1.0 | 9.00 | 43.00 | 52.00 | NOTE |
Version: 0.1.0
Check: LazyData
Result: NOTE
'LazyData' is specified without a 'data' directory
Flavors: r-devel-linux-x86_64-debian-clang, r-devel-linux-x86_64-debian-gcc, r-devel-linux-x86_64-fedora-clang, r-devel-linux-x86_64-fedora-gcc, r-devel-windows-x86_64, r-patched-linux-x86_64, r-release-linux-x86_64, r-release-macos-arm64, r-release-windows-x86_64, r-oldrel-macos-arm64, r-oldrel-macos-x86_64, r-oldrel-windows-x86_64