Last updated on 2025-05-08 02:50:52 CEST.
Flavor | Version | Tinstall | Tcheck | Ttotal | Status | Flags |
---|---|---|---|---|---|---|
r-devel-linux-x86_64-debian-clang | 0.1.0 | 218.32 | 118.15 | 336.47 | OK | |
r-devel-linux-x86_64-debian-gcc | 0.1.0 | 206.96 | 103.01 | 309.97 | OK | |
r-devel-linux-x86_64-fedora-clang | 0.1.0 | 514.06 | NOTE | |||
r-devel-linux-x86_64-fedora-gcc | 0.1.0 | 725.29 | NOTE | |||
r-devel-windows-x86_64 | 0.1.0 | 259.00 | 162.00 | 421.00 | OK | |
r-patched-linux-x86_64 | 0.1.0 | 270.47 | 134.38 | 404.85 | OK | |
r-release-linux-x86_64 | 0.1.0 | 277.64 | 135.22 | 412.86 | OK | |
r-release-macos-arm64 | 0.1.0 | 168.00 | OK | |||
r-release-macos-x86_64 | 0.1.0 | 358.00 | OK | |||
r-release-windows-x86_64 | 0.1.0 | 260.00 | 158.00 | 418.00 | OK | |
r-oldrel-macos-arm64 | 0.1.0 | 76.00 | NOTE | |||
r-oldrel-macos-x86_64 | 0.1.0 | 104.00 | NOTE | |||
r-oldrel-windows-x86_64 | 0.1.0 | 286.00 | 193.00 | 479.00 | NOTE |
Version: 0.1.0
Check: dependencies in R code
Result: NOTE
Namespaces in Imports field not imported from:
‘RcppParallel’ ‘rstantools’
All declared Imports should be used.
Flavors: r-devel-linux-x86_64-fedora-clang, r-devel-linux-x86_64-fedora-gcc
Version: 0.1.0
Check: installed package size
Result: NOTE
installed size is 56.6Mb
sub-directories of 1Mb or more:
libs 56.2Mb
Flavors: r-oldrel-macos-arm64, r-oldrel-macos-x86_64
Version: 0.1.0
Check: for GNU extensions in Makefiles
Result: NOTE
GNU make is a SystemRequirements.
Flavors: r-oldrel-macos-arm64, r-oldrel-macos-x86_64, r-oldrel-windows-x86_64