Last updated on 2025-02-18 02:50:32 CET.
Flavor | Version | Tinstall | Tcheck | Ttotal | Status | Flags |
---|---|---|---|---|---|---|
r-devel-linux-x86_64-debian-clang | 1.2.0 | 2.89 | 167.74 | 170.63 | NOTE | |
r-devel-linux-x86_64-debian-gcc | 1.2.0 | 2.26 | 110.88 | 113.14 | NOTE | |
r-devel-linux-x86_64-fedora-clang | 1.2.0 | 280.11 | NOTE | |||
r-devel-linux-x86_64-fedora-gcc | 1.2.0 | 269.74 | NOTE | |||
r-devel-macos-arm64 | 1.2.0 | 87.00 | NOTE | |||
r-devel-macos-x86_64 | 1.2.0 | 319.00 | NOTE | |||
r-devel-windows-x86_64 | 1.2.0 | 6.00 | 149.00 | 155.00 | NOTE | |
r-patched-linux-x86_64 | 1.2.0 | 2.92 | 152.84 | 155.76 | NOTE | |
r-release-linux-x86_64 | 1.2.0 | 2.87 | 152.29 | 155.16 | NOTE | |
r-release-macos-arm64 | 1.2.0 | 80.00 | NOTE | |||
r-release-macos-x86_64 | 1.2.0 | 213.00 | NOTE | |||
r-release-windows-x86_64 | 1.2.0 | 6.00 | 148.00 | 154.00 | NOTE | |
r-oldrel-macos-arm64 | 1.2.0 | 84.00 | NOTE | |||
r-oldrel-macos-x86_64 | 1.2.0 | 141.00 | NOTE | |||
r-oldrel-windows-x86_64 | 1.2.0 | 6.00 | 193.00 | 199.00 | NOTE |
Version: 1.2.0
Check: package subdirectories
Result: NOTE
Problems with news in ‘NEWS.md’:
No news entries found.
Flavors: r-devel-linux-x86_64-debian-clang, r-devel-linux-x86_64-debian-gcc, r-devel-linux-x86_64-fedora-clang, r-devel-linux-x86_64-fedora-gcc, r-devel-macos-arm64, r-devel-macos-x86_64, r-devel-windows-x86_64, r-patched-linux-x86_64, r-release-linux-x86_64, r-release-macos-arm64, r-release-macos-x86_64, r-release-windows-x86_64, r-oldrel-macos-arm64, r-oldrel-macos-x86_64, r-oldrel-windows-x86_64