Last updated on 2025-05-13 14:50:20 CEST.
Flavor | Version | Tinstall | Tcheck | Ttotal | Status | Flags |
---|---|---|---|---|---|---|
r-devel-linux-x86_64-debian-clang | 1.0 | 19.12 | 26.08 | 45.20 | NOTE | |
r-devel-linux-x86_64-debian-gcc | 1.0 | 14.13 | 21.73 | 35.86 | NOTE | |
r-devel-linux-x86_64-fedora-clang | 1.0 | 84.08 | NOTE | |||
r-devel-linux-x86_64-fedora-gcc | 1.0 | 95.47 | NOTE | |||
r-devel-windows-x86_64 | 1.0 | 24.00 | 63.00 | 87.00 | NOTE | |
r-patched-linux-x86_64 | 1.0 | 19.39 | 24.93 | 44.32 | NOTE | |
r-release-linux-x86_64 | 1.0 | 19.59 | 25.01 | 44.60 | NOTE | |
r-release-macos-arm64 | 1.0 | 42.00 | NOTE | |||
r-release-macos-x86_64 | 1.0 | 53.00 | NOTE | |||
r-release-windows-x86_64 | 1.0 | 26.00 | 64.00 | 90.00 | NOTE | |
r-oldrel-macos-arm64 | 1.0 | 32.00 | NOTE | |||
r-oldrel-macos-x86_64 | 1.0 | 43.00 | NOTE | |||
r-oldrel-windows-x86_64 | 1.0 | 29.00 | 75.00 | 104.00 | NOTE |
Version: 1.0
Check: CRAN incoming feasibility
Result: NOTE
Maintainer: ‘Yongwen Zhuang <zyongwen@umich.edu>’
No Authors@R field in DESCRIPTION.
Please add one, modifying
Authors@R: person(given = "Yongwen",
family = "Zhuang",
role = c("aut", "cre"),
email = "zyongwen@umich.edu")
as necessary.
Flavors: r-devel-linux-x86_64-debian-clang, r-devel-linux-x86_64-debian-gcc
Version: 1.0
Check: C++ specification
Result: NOTE
Specified C++11: please drop specification unless essential
Flavors: r-devel-linux-x86_64-debian-clang, r-devel-linux-x86_64-debian-gcc, r-devel-linux-x86_64-fedora-clang, r-devel-linux-x86_64-fedora-gcc, r-devel-windows-x86_64, r-patched-linux-x86_64, r-release-linux-x86_64, r-release-macos-arm64, r-release-macos-x86_64, r-release-windows-x86_64, r-oldrel-macos-arm64, r-oldrel-macos-x86_64, r-oldrel-windows-x86_64