Last updated on 2025-05-23 14:49:56 CEST.
Flavor | Version | Tinstall | Tcheck | Ttotal | Status | Flags |
---|---|---|---|---|---|---|
r-devel-linux-x86_64-debian-clang | 0.5.7 | 6.18 | 71.99 | 78.17 | NOTE | |
r-devel-linux-x86_64-debian-gcc | 0.5.7 | 4.28 | 54.08 | 58.36 | NOTE | |
r-devel-linux-x86_64-fedora-clang | 0.5.7 | 120.12 | NOTE | |||
r-devel-linux-x86_64-fedora-gcc | 0.5.7 | 129.47 | NOTE | |||
r-devel-windows-x86_64 | 0.5.7 | 8.00 | 108.00 | 116.00 | NOTE | |
r-patched-linux-x86_64 | 0.5.7 | 6.26 | 67.23 | 73.49 | NOTE | |
r-release-linux-x86_64 | 0.5.7 | 5.55 | 66.74 | 72.29 | NOTE | |
r-release-macos-arm64 | 0.5.7 | 76.00 | NOTE | |||
r-release-macos-x86_64 | 0.5.7 | 97.00 | NOTE | |||
r-release-windows-x86_64 | 0.5.7 | 8.00 | 105.00 | 113.00 | NOTE | |
r-oldrel-macos-arm64 | 0.5.7 | 62.00 | OK | |||
r-oldrel-macos-x86_64 | 0.5.7 | 80.00 | OK | |||
r-oldrel-windows-x86_64 | 0.5.7 | 10.00 | 130.00 | 140.00 | OK |
Version: 0.5.7
Check: DESCRIPTION meta-information
Result: NOTE
Missing dependency on R >= 4.1.0 because package code uses the pipe
|> or function shorthand \(...) syntax added in R 4.1.0.
File(s) using such syntax:
‘wds.R’
Flavors: r-devel-linux-x86_64-debian-clang, r-devel-linux-x86_64-debian-gcc, r-devel-linux-x86_64-fedora-clang, r-devel-linux-x86_64-fedora-gcc, r-devel-windows-x86_64, r-patched-linux-x86_64, r-release-linux-x86_64, r-release-macos-arm64, r-release-macos-x86_64, r-release-windows-x86_64