Last updated on 2025-02-18 02:50:32 CET.
Flavor | Version | Tinstall | Tcheck | Ttotal | Status | Flags |
---|---|---|---|---|---|---|
r-devel-linux-x86_64-debian-clang | 0.2.1 | 7.92 | 79.97 | 87.89 | OK | |
r-devel-linux-x86_64-debian-gcc | 0.2.1 | 5.59 | 55.50 | 61.09 | OK | |
r-devel-linux-x86_64-fedora-clang | 0.2.1 | 141.31 | NOTE | |||
r-devel-linux-x86_64-fedora-gcc | 0.2.1 | 149.37 | NOTE | |||
r-devel-macos-arm64 | 0.2.1 | 53.00 | OK | |||
r-devel-macos-x86_64 | 0.2.1 | 87.00 | OK | |||
r-devel-windows-x86_64 | 0.2.1 | 11.00 | 97.00 | 108.00 | OK | |
r-patched-linux-x86_64 | 0.2.1 | 9.37 | 72.85 | 82.22 | OK | |
r-release-linux-x86_64 | 0.2.1 | 7.64 | 73.78 | 81.42 | OK | |
r-release-macos-arm64 | 0.2.1 | 50.00 | OK | |||
r-release-macos-x86_64 | 0.2.1 | 82.00 | OK | |||
r-release-windows-x86_64 | 0.2.1 | 11.00 | 97.00 | 108.00 | OK | |
r-oldrel-macos-arm64 | 0.2.1 | 46.00 | OK | |||
r-oldrel-macos-x86_64 | 0.2.1 | 82.00 | OK | |||
r-oldrel-windows-x86_64 | 0.2.1 | 14.00 | 109.00 | 123.00 | OK |
Version: 0.2.1
Check: dependencies in R code
Result: NOTE
Namespaces in Imports field not imported from:
‘sp’ ‘tibble’
All declared Imports should be used.
Flavors: r-devel-linux-x86_64-fedora-clang, r-devel-linux-x86_64-fedora-gcc