Last updated on 2025-05-14 02:50:09 CEST.
Flavor | Version | Tinstall | Tcheck | Ttotal | Status | Flags |
---|---|---|---|---|---|---|
r-devel-linux-x86_64-debian-clang | 0.1.4 | 8.09 | 65.02 | 73.11 | NOTE | |
r-devel-linux-x86_64-debian-gcc | 0.1.4 | 5.12 | 46.31 | 51.43 | NOTE | |
r-devel-linux-x86_64-fedora-clang | 0.1.4 | 108.90 | NOTE | |||
r-devel-linux-x86_64-fedora-gcc | 0.1.4 | 103.29 | NOTE | |||
r-devel-windows-x86_64 | 0.1.4 | 9.00 | 75.00 | 84.00 | OK | |
r-patched-linux-x86_64 | 0.1.4 | 7.49 | 58.54 | 66.03 | OK | |
r-release-linux-x86_64 | 0.1.4 | 7.39 | 59.02 | 66.41 | OK | |
r-release-macos-arm64 | 0.1.4 | 56.00 | OK | |||
r-release-macos-x86_64 | 0.1.4 | 54.00 | OK | |||
r-release-windows-x86_64 | 0.1.4 | 8.00 | 78.00 | 86.00 | OK | |
r-oldrel-macos-arm64 | 0.1.4 | 32.00 | NOTE | |||
r-oldrel-macos-x86_64 | 0.1.4 | 45.00 | NOTE | |||
r-oldrel-windows-x86_64 | 0.1.4 | 11.00 | 107.00 | 118.00 | NOTE |
Version: 0.1.4
Check: CRAN incoming feasibility
Result: NOTE
Maintainer: ‘Nick Williams <ntwilliams.personal@gmail.com>’
No Authors@R field in DESCRIPTION.
Please add one, modifying
Authors@R: person(given = "Nick",
family = "Williams",
role = c("aut", "cre"),
email = "ntwilliams.personal@gmail.com")
as necessary.
Flavors: r-devel-linux-x86_64-debian-clang, r-devel-linux-x86_64-debian-gcc
Version: 0.1.4
Check: dependencies in R code
Result: NOTE
Namespaces in Imports field not imported from:
‘broom’ ‘epitools’
All declared Imports should be used.
Flavors: r-devel-linux-x86_64-fedora-clang, r-devel-linux-x86_64-fedora-gcc
Version: 0.1.4
Check: LazyData
Result: NOTE
'LazyData' is specified without a 'data' directory
Flavors: r-oldrel-macos-arm64, r-oldrel-macos-x86_64, r-oldrel-windows-x86_64