Last updated on 2024-05-21 14:57:04 CEST.
Flavor | Version | Tinstall | Tcheck | Ttotal | Status | Flags |
---|---|---|---|---|---|---|
r-devel-linux-x86_64-debian-clang | 1.0.6 | 16.55 | 157.37 | 173.92 | NOTE | |
r-devel-linux-x86_64-debian-gcc | 1.0.6 | 11.88 | 111.81 | 123.69 | NOTE | |
r-devel-linux-x86_64-fedora-clang | 1.0.6 | 239.84 | NOTE | |||
r-devel-linux-x86_64-fedora-gcc | 1.0.6 | 205.81 | NOTE | |||
r-devel-windows-x86_64 | 1.0.6 | 15.00 | 117.00 | 132.00 | NOTE | |
r-patched-linux-x86_64 | 1.0.6 | 14.64 | 148.02 | 162.66 | NOTE | |
r-release-linux-x86_64 | 1.0.6 | 13.91 | 145.81 | 159.72 | NOTE | |
r-release-macos-arm64 | 1.0.6 | 61.00 | NOTE | |||
r-release-macos-x86_64 | 1.0.6 | 113.00 | NOTE | |||
r-release-windows-x86_64 | 1.0.6 | 16.00 | 117.00 | 133.00 | NOTE | |
r-oldrel-macos-arm64 | 1.0.6 | 26.00 | NOTE | |||
r-oldrel-macos-x86_64 | 1.0.6 | 36.00 | NOTE | |||
r-oldrel-windows-x86_64 | 1.0.6 | 20.00 | 142.00 | 162.00 | NOTE |
Version: 1.0.6
Check: package subdirectories
Result: NOTE
Problems with news in ‘NEWS.md’:
No news entries found.
Flavors: r-devel-linux-x86_64-debian-clang, r-devel-linux-x86_64-debian-gcc, r-devel-linux-x86_64-fedora-clang, r-devel-linux-x86_64-fedora-gcc, r-devel-windows-x86_64, r-patched-linux-x86_64, r-release-linux-x86_64, r-release-macos-arm64, r-release-macos-x86_64, r-release-windows-x86_64, r-oldrel-macos-arm64, r-oldrel-macos-x86_64, r-oldrel-windows-x86_64