CRAN Package Check Results for Package ceg

Last updated on 2025-02-21 02:52:07 CET.

Flavor Version Tinstall Tcheck Ttotal Status Flags
r-devel-linux-x86_64-debian-clang 0.1.0 6.73 46.84 53.57 NOTE
r-devel-linux-x86_64-debian-gcc 0.1.0 0.37 1.39 1.76 ERROR
r-devel-linux-x86_64-fedora-clang 0.1.0 88.48 NOTE
r-devel-linux-x86_64-fedora-gcc 0.1.0 80.95 NOTE
r-devel-macos-arm64 0.1.0 29.00 OK
r-devel-macos-x86_64 0.1.0 55.00 OK
r-devel-windows-x86_64 0.1.0 7.00 77.00 84.00 OK
r-patched-linux-x86_64 0.1.0 7.83 43.17 51.00 NOTE
r-release-linux-x86_64 0.1.0 7.30 42.84 50.14 NOTE
r-release-macos-arm64 0.1.0 32.00 OK
r-release-macos-x86_64 0.1.0 47.00 OK
r-release-windows-x86_64 0.1.0 7.00 68.00 75.00 OK
r-oldrel-macos-arm64 0.1.0 28.00 OK
r-oldrel-macos-x86_64 0.1.0 43.00 OK
r-oldrel-windows-x86_64 0.1.0 7.00 82.00 89.00 OK

Check Details

Version: 0.1.0
Check: for non-standard things in the check directory
Result: NOTE Found the following files/directories: ‘figure01ceg.pdf’ ‘figure02ceg.pdf’ ‘staged.tree.graph.pdf’ ‘stratified-event-tree-plot.pdf’ Flavors: r-devel-linux-x86_64-debian-clang, r-devel-linux-x86_64-fedora-clang, r-devel-linux-x86_64-fedora-gcc, r-patched-linux-x86_64, r-release-linux-x86_64

Version: 0.1.0
Check: package dependencies
Result: ERROR Package required but not available: ‘Rgraphviz’ See section ‘The DESCRIPTION file’ in the ‘Writing R Extensions’ manual. Flavor: r-devel-linux-x86_64-debian-gcc