Last updated on 2025-02-21 02:52:07 CET.
Flavor | Version | Tinstall | Tcheck | Ttotal | Status | Flags |
---|---|---|---|---|---|---|
r-devel-linux-x86_64-debian-clang | 0.1.0 | 5.21 | 71.66 | 76.87 | NOTE | |
r-devel-linux-x86_64-debian-gcc | 0.1.0 | 3.64 | 47.27 | 50.91 | NOTE | |
r-devel-linux-x86_64-fedora-clang | 0.1.0 | 121.22 | NOTE | |||
r-devel-linux-x86_64-fedora-gcc | 0.1.0 | 210.33 | NOTE | |||
r-devel-macos-arm64 | 0.1.0 | 62.00 | OK | |||
r-devel-macos-x86_64 | 0.1.0 | 182.00 | NOTE | |||
r-devel-windows-x86_64 | 0.1.0 | 8.00 | 81.00 | 89.00 | NOTE | |
r-patched-linux-x86_64 | 0.1.0 | 4.81 | 65.25 | 70.06 | OK | |
r-release-linux-x86_64 | 0.1.0 | 3.74 | 65.60 | 69.34 | OK | |
r-release-macos-arm64 | 0.1.0 | 60.00 | OK | |||
r-release-macos-x86_64 | 0.1.0 | 108.00 | OK | |||
r-release-windows-x86_64 | 0.1.0 | 7.00 | 80.00 | 87.00 | OK | |
r-oldrel-macos-arm64 | 0.1.0 | 59.00 | OK | |||
r-oldrel-macos-x86_64 | 0.1.0 | 95.00 | OK | |||
r-oldrel-windows-x86_64 | 0.1.0 | 8.00 | 92.00 | 100.00 | OK |
Version: 0.1.0
Check: DESCRIPTION meta-information
Result: NOTE
Missing dependency on R >= 4.1.0 because package code uses the pipe
|> or function shorthand \(...) syntax added in R 4.1.0.
File(s) using such syntax:
‘ca_functions.r’
Flavors: r-devel-linux-x86_64-debian-clang, r-devel-linux-x86_64-debian-gcc, r-devel-linux-x86_64-fedora-clang, r-devel-linux-x86_64-fedora-gcc, r-devel-macos-x86_64, r-devel-windows-x86_64