Last updated on 2025-05-14 14:49:50 CEST.
Flavor | Version | Tinstall | Tcheck | Ttotal | Status | Flags |
---|---|---|---|---|---|---|
r-devel-linux-x86_64-debian-clang | 2.0.0 | 48.00 | 70.95 | 118.95 | OK | |
r-devel-linux-x86_64-debian-gcc | 2.0.0 | 37.17 | 55.57 | 92.74 | OK | |
r-devel-linux-x86_64-fedora-clang | 2.0.0 | 192.08 | OK | |||
r-devel-linux-x86_64-fedora-gcc | 2.0.0 | 216.65 | OK | |||
r-devel-windows-x86_64 | 2.0.0 | 51.00 | 106.00 | 157.00 | OK | |
r-patched-linux-x86_64 | 2.0.0 | 50.54 | 72.78 | 123.32 | OK | |
r-release-linux-x86_64 | 2.0.0 | 46.95 | 72.92 | 119.87 | OK | |
r-release-macos-arm64 | 2.0.0 | 57.00 | OK | |||
r-release-macos-x86_64 | 2.0.0 | 108.00 | OK | |||
r-release-windows-x86_64 | 2.0.0 | 55.00 | 105.00 | 160.00 | OK | |
r-oldrel-macos-arm64 | 2.0.0 | 50.00 | NOTE | |||
r-oldrel-macos-x86_64 | 2.0.0 | 77.00 | NOTE | |||
r-oldrel-windows-x86_64 | 2.0.0 | 61.00 | 127.00 | 188.00 | OK |
Version: 2.0.0
Check: installed package size
Result: NOTE
installed size is 17.5Mb
sub-directories of 1Mb or more:
libs 17.3Mb
Flavors: r-oldrel-macos-arm64, r-oldrel-macos-x86_64