Last updated on 2025-02-18 02:50:32 CET.
Flavor | Version | Tinstall | Tcheck | Ttotal | Status | Flags |
---|---|---|---|---|---|---|
r-devel-linux-x86_64-debian-clang | 1.0.0 | 7.32 | 60.36 | 67.68 | OK | |
r-devel-linux-x86_64-debian-gcc | 1.0.0 | 5.62 | 45.74 | 51.36 | OK | |
r-devel-linux-x86_64-fedora-clang | 1.0.0 | 111.59 | NOTE | |||
r-devel-linux-x86_64-fedora-gcc | 1.0.0 | 118.15 | NOTE | |||
r-devel-macos-arm64 | 1.0.0 | 38.00 | OK | |||
r-devel-macos-x86_64 | 1.0.0 | 93.00 | OK | |||
r-devel-windows-x86_64 | 1.0.0 | 7.00 | 73.00 | 80.00 | OK | |
r-patched-linux-x86_64 | 1.0.0 | 6.07 | 57.70 | 63.77 | OK | |
r-release-linux-x86_64 | 1.0.0 | 7.35 | 57.26 | 64.61 | OK | |
r-release-macos-arm64 | 1.0.0 | 37.00 | OK | |||
r-release-macos-x86_64 | 1.0.0 | 96.00 | OK | |||
r-release-windows-x86_64 | 1.0.0 | 8.00 | 75.00 | 83.00 | OK | |
r-oldrel-macos-arm64 | 1.0.0 | 42.00 | OK | |||
r-oldrel-macos-x86_64 | 1.0.0 | 69.00 | OK | |||
r-oldrel-windows-x86_64 | 1.0.0 | 7.00 | 85.00 | 92.00 | OK |
Version: 1.0.0
Check: dependencies in R code
Result: NOTE
Namespace in Imports field not imported from: ‘MASS’
All declared Imports should be used.
Flavors: r-devel-linux-x86_64-fedora-clang, r-devel-linux-x86_64-fedora-gcc