Last updated on 2025-02-20 14:50:48 CET.
Flavor | Version | Tinstall | Tcheck | Ttotal | Status | Flags |
---|---|---|---|---|---|---|
r-devel-linux-x86_64-debian-clang | 0.4.0 | 4.59 | 52.72 | 57.31 | WARN | |
r-devel-linux-x86_64-debian-gcc | 0.4.0 | 3.74 | 38.91 | 42.65 | WARN | |
r-devel-linux-x86_64-fedora-clang | 0.4.0 | 94.99 | WARN | |||
r-devel-linux-x86_64-fedora-gcc | 0.4.0 | 102.23 | WARN | |||
r-devel-macos-arm64 | 0.4.0 | 43.00 | OK | |||
r-devel-macos-x86_64 | 0.4.0 | 108.00 | OK | |||
r-devel-windows-x86_64 | 0.4.0 | 8.00 | 77.00 | 85.00 | WARN | |
r-patched-linux-x86_64 | 0.4.0 | 5.14 | 49.37 | 54.51 | WARN | |
r-release-linux-x86_64 | 0.4.0 | 5.33 | 48.41 | 53.74 | WARN | |
r-release-macos-arm64 | 0.4.0 | 40.00 | OK | |||
r-release-macos-x86_64 | 0.4.0 | 68.00 | OK | |||
r-release-windows-x86_64 | 0.4.0 | 8.00 | 78.00 | 86.00 | WARN | |
r-oldrel-macos-arm64 | 0.4.0 | 46.00 | OK | |||
r-oldrel-macos-x86_64 | 0.4.0 | 63.00 | OK | |||
r-oldrel-windows-x86_64 | 0.4.0 | 9.00 | 87.00 | 96.00 | WARN |
Version: 0.4.0
Check: dependencies in R code
Result: WARN
Missing or unexported object: ‘duckplyr::left_join’
Flavors: r-devel-linux-x86_64-debian-clang, r-devel-linux-x86_64-debian-gcc, r-devel-linux-x86_64-fedora-clang, r-devel-linux-x86_64-fedora-gcc, r-devel-windows-x86_64, r-patched-linux-x86_64, r-release-linux-x86_64, r-release-windows-x86_64, r-oldrel-windows-x86_64