Last updated on 2024-05-21 02:54:21 CEST.
Flavor | Version | Tinstall | Tcheck | Ttotal | Status | Flags |
---|---|---|---|---|---|---|
r-devel-linux-x86_64-debian-clang | 4.1 | 3.60 | 32.51 | 36.11 | OK | |
r-devel-linux-x86_64-debian-gcc | 4.1 | 2.73 | 24.79 | 27.52 | OK | |
r-devel-linux-x86_64-fedora-clang | 4.1 | 45.63 | NOTE | |||
r-devel-linux-x86_64-fedora-gcc | 4.1 | 42.36 | OK | |||
r-devel-windows-x86_64 | 4.1 | 4.00 | 51.00 | 55.00 | OK | |
r-patched-linux-x86_64 | 4.1 | 3.48 | 30.91 | 34.39 | OK | |
r-release-linux-x86_64 | 4.1 | 2.88 | 30.99 | 33.87 | OK | |
r-release-macos-arm64 | 4.1 | 17.00 | OK | |||
r-release-windows-x86_64 | 4.1 | 4.00 | 51.00 | 55.00 | OK | |
r-oldrel-macos-arm64 | 4.1 | 21.00 | OK | |||
r-oldrel-macos-x86_64 | 4.1 | 42.00 | OK | |||
r-oldrel-windows-x86_64 | 4.1 | 3.00 | 52.00 | 55.00 | OK |
Version: 4.1
Check: Rd cross-references
Result: NOTE
Undeclared packages ‘bigBits’, ‘dplyr’, ‘matrixStats’, ‘filesstrings’, ‘pracma’, ‘sf’ in Rd xrefs
Flavor: r-devel-linux-x86_64-fedora-clang