Last updated on 2024-05-21 02:54:21 CEST.
Flavor | Version | Tinstall | Tcheck | Ttotal | Status | Flags |
---|---|---|---|---|---|---|
r-devel-linux-x86_64-debian-clang | 0.2.3 | 4.23 | 39.66 | 43.89 | NOTE | |
r-devel-linux-x86_64-debian-gcc | 0.2.3 | 3.56 | 29.66 | 33.22 | NOTE | |
r-devel-linux-x86_64-fedora-clang | 0.2.3 | 56.47 | NOTE | |||
r-devel-linux-x86_64-fedora-gcc | 0.2.3 | 51.21 | NOTE | |||
r-devel-windows-x86_64 | 0.2.3 | 6.00 | 52.00 | 58.00 | NOTE | |
r-patched-linux-x86_64 | 0.2.3 | 4.78 | 37.56 | 42.34 | NOTE | |
r-release-linux-x86_64 | 0.2.3 | 3.96 | 38.17 | 42.13 | NOTE | |
r-release-macos-arm64 | 0.2.3 | 20.00 | NOTE | |||
r-release-windows-x86_64 | 0.2.3 | 6.00 | 53.00 | 59.00 | NOTE | |
r-oldrel-macos-arm64 | 0.2.3 | 21.00 | OK | |||
r-oldrel-macos-x86_64 | 0.2.3 | 43.00 | OK | |||
r-oldrel-windows-x86_64 | 0.2.3 | 6.00 | 55.00 | 61.00 | OK |
Version: 0.2.3
Check: Rd files
Result: NOTE
checkRd: (-1) create_unit_tests.Rd:17: Lost braces; missing escapes or markup?
17 | Create `{testthat}` test cases for the code.
| ^
Flavors: r-devel-linux-x86_64-debian-clang, r-devel-linux-x86_64-debian-gcc, r-devel-linux-x86_64-fedora-clang, r-devel-linux-x86_64-fedora-gcc, r-devel-windows-x86_64, r-patched-linux-x86_64, r-release-linux-x86_64, r-release-macos-arm64, r-release-windows-x86_64