Last updated on 2025-02-21 02:52:07 CET.
Flavor | Version | Tinstall | Tcheck | Ttotal | Status | Flags |
---|---|---|---|---|---|---|
r-devel-linux-x86_64-debian-clang | 0.0.12 | 2.09 | 29.44 | 31.53 | NOTE | |
r-devel-linux-x86_64-debian-gcc | 0.0.12 | 2.07 | 23.11 | 25.18 | NOTE | |
r-devel-linux-x86_64-fedora-clang | 0.0.12 | 52.46 | NOTE | |||
r-devel-linux-x86_64-fedora-gcc | 0.0.12 | 63.06 | NOTE | |||
r-devel-macos-arm64 | 0.0.12 | 29.00 | OK | |||
r-devel-macos-x86_64 | 0.0.12 | 49.00 | NOTE | |||
r-devel-windows-x86_64 | 0.0.12 | 4.00 | 51.00 | 55.00 | NOTE | |
r-patched-linux-x86_64 | 0.0.12 | 2.49 | 28.22 | 30.71 | OK | |
r-release-linux-x86_64 | 0.0.12 | 2.33 | 28.07 | 30.40 | OK | |
r-release-macos-arm64 | 0.0.12 | 28.00 | OK | |||
r-release-macos-x86_64 | 0.0.12 | 38.00 | OK | |||
r-release-windows-x86_64 | 0.0.12 | 4.00 | 51.00 | 55.00 | OK | |
r-oldrel-macos-arm64 | 0.0.12 | 40.00 | OK | |||
r-oldrel-macos-x86_64 | 0.0.12 | 81.00 | OK | |||
r-oldrel-windows-x86_64 | 0.0.12 | 5.00 | 54.00 | 59.00 | OK |
Version: 0.0.12
Check: DESCRIPTION meta-information
Result: NOTE
Missing dependency on R >= 4.2.0 because package code uses the pipe
placeholder syntax added in R 4.2.0.
File(s) using such syntax:
‘check_hint.R’ ‘check_hints.R’ ‘check_question.R’ ‘insert_audio.R’
Flavors: r-devel-linux-x86_64-debian-clang, r-devel-linux-x86_64-debian-gcc, r-devel-linux-x86_64-fedora-clang, r-devel-linux-x86_64-fedora-gcc, r-devel-windows-x86_64
Version: 0.0.12
Check: DESCRIPTION meta-information
Result: NOTE
Missing dependency on R >= 4.1.0 because package code uses the pipe
|> or function shorthand \(...) syntax added in R 4.1.0.
File(s) using such syntax:
‘check_hint.R’ ‘check_hints.R’ ‘check_question.R’ ‘insert_audio.R’
Flavor: r-devel-macos-x86_64