Last updated on 2025-02-20 14:50:48 CET.
Flavor | Version | Tinstall | Tcheck | Ttotal | Status | Flags |
---|---|---|---|---|---|---|
r-devel-linux-x86_64-debian-clang | 0.2.4 | 8.26 | 45.10 | 53.36 | OK | |
r-devel-linux-x86_64-debian-gcc | 0.2.4 | 4.48 | 33.77 | 38.25 | OK | |
r-devel-linux-x86_64-fedora-clang | 0.2.4 | 81.67 | OK | |||
r-devel-linux-x86_64-fedora-gcc | 0.2.4 | 79.42 | OK | |||
r-devel-macos-arm64 | 0.2.4 | 33.00 | OK | |||
r-devel-macos-x86_64 | 0.2.4 | 55.00 | OK | |||
r-devel-windows-x86_64 | 0.2.4 | 9.00 | 70.00 | 79.00 | OK | |
r-patched-linux-x86_64 | 0.2.4 | 7.71 | 42.00 | 49.71 | OK | |
r-release-linux-x86_64 | 0.2.4 | 6.91 | 41.75 | 48.66 | OK | |
r-release-macos-arm64 | 0.2.4 | 32.00 | OK | |||
r-release-macos-x86_64 | 0.2.4 | 49.00 | OK | |||
r-release-windows-x86_64 | 0.2.4 | 10.00 | 3.00 | 13.00 | FAIL | |
r-oldrel-macos-arm64 | 0.2.4 | 34.00 | OK | |||
r-oldrel-macos-x86_64 | 0.2.4 | 49.00 | OK | |||
r-oldrel-windows-x86_64 | 0.2.4 | 11.00 | 73.00 | 84.00 | OK |
Version: 0.2.4
Check: package dependencies
Result: FAIL
Flavor: r-release-windows-x86_64