Last updated on 2025-02-20 14:50:48 CET.
Flavor | Version | Tinstall | Tcheck | Ttotal | Status | Flags |
---|---|---|---|---|---|---|
r-devel-linux-x86_64-debian-clang | 0.1.2 | 4.34 | 104.12 | 108.46 | NOTE | |
r-devel-linux-x86_64-debian-gcc | 0.1.2 | 2.94 | 69.09 | 72.03 | NOTE | |
r-devel-linux-x86_64-fedora-clang | 0.1.2 | 171.15 | OK | |||
r-devel-linux-x86_64-fedora-gcc | 0.1.2 | 175.41 | OK | |||
r-devel-macos-arm64 | 0.1.2 | 56.00 | OK | |||
r-devel-macos-x86_64 | 0.1.2 | 187.00 | OK | |||
r-devel-windows-x86_64 | 0.1.2 | 7.00 | 108.00 | 115.00 | NOTE | |
r-patched-linux-x86_64 | 0.1.2 | 10.35 | 97.09 | 107.44 | OK | |
r-release-linux-x86_64 | 0.1.2 | 2.68 | 96.10 | 98.78 | OK | |
r-release-macos-arm64 | 0.1.2 | 56.00 | OK | |||
r-release-macos-x86_64 | 0.1.2 | 91.00 | OK | |||
r-release-windows-x86_64 | 0.1.2 | 7.00 | 113.00 | 120.00 | OK | |
r-oldrel-macos-arm64 | 0.1.2 | 67.00 | OK | |||
r-oldrel-macos-x86_64 | 0.1.2 | 95.00 | OK | |||
r-oldrel-windows-x86_64 | 0.1.2 | 7.00 | 132.00 | 139.00 | OK |
Version: 0.1.2
Check: Rd cross-references
Result: NOTE
Found the following Rd file(s) with Rd \link{} targets missing package
anchors:
pipe.Rd: magrittr
Please provide package anchors for all Rd \link{} targets not in the
package itself and the base packages.
Flavors: r-devel-linux-x86_64-debian-clang, r-devel-linux-x86_64-debian-gcc, r-devel-windows-x86_64