Last updated on 2025-02-21 02:52:08 CET.
Flavor | Version | Tinstall | Tcheck | Ttotal | Status | Flags |
---|---|---|---|---|---|---|
r-devel-linux-x86_64-debian-clang | 1.0.1 | 5.64 | 71.07 | 76.71 | OK | |
r-devel-linux-x86_64-debian-gcc | 1.0.1 | 4.23 | 52.84 | 57.07 | OK | |
r-devel-linux-x86_64-fedora-clang | 1.0.1 | 121.26 | OK | |||
r-devel-linux-x86_64-fedora-gcc | 1.0.1 | 130.63 | OK | |||
r-devel-macos-arm64 | 1.0.1 | 47.00 | OK | |||
r-devel-macos-x86_64 | 1.0.1 | 102.00 | OK | |||
r-devel-windows-x86_64 | 1.0.1 | 8.00 | 116.00 | 124.00 | OK | |
r-patched-linux-x86_64 | 1.0.1 | 5.69 | 66.21 | 71.90 | NOTE | |
r-release-linux-x86_64 | 1.0.1 | 5.99 | 67.00 | 72.99 | NOTE | |
r-release-macos-arm64 | 1.0.1 | 45.00 | NOTE | |||
r-release-macos-x86_64 | 1.0.1 | 64.00 | NOTE | |||
r-release-windows-x86_64 | 1.0.1 | 9.00 | 104.00 | 113.00 | NOTE | |
r-oldrel-macos-arm64 | 1.0.1 | 40.00 | NOTE | |||
r-oldrel-macos-x86_64 | 1.0.1 | 61.00 | NOTE | |||
r-oldrel-windows-x86_64 | 1.0.1 | 9.00 | 120.00 | 129.00 | NOTE |
Version: 1.0.1
Check: LazyData
Result: NOTE
'LazyData' is specified without a 'data' directory
Flavors: r-patched-linux-x86_64, r-release-linux-x86_64, r-release-macos-arm64, r-release-macos-x86_64, r-release-windows-x86_64, r-oldrel-macos-arm64, r-oldrel-macos-x86_64, r-oldrel-windows-x86_64